{"id":753,"date":"2016-08-13T05:30:06","date_gmt":"2016-08-13T05:30:06","guid":{"rendered":"http:\/\/www.oulunsalonvasama.fi\/suunnistus\/?page_id=753"},"modified":"2016-08-13T05:30:06","modified_gmt":"2016-08-13T05:30:06","slug":"viestiin-ilmoittautuneet-seuroittain","status":"publish","type":"page","link":"https:\/\/www.oulunsalonvasama.fi\/suunnistus\/arkisto\/2016-2\/am-2016\/viestiin-ilmoittautuneet-seuroittain\/","title":{"rendered":"Viestiin ilmoittautuneet seuroittain"},"content":{"rendered":"<h1>Ilmoittautuneet<\/h1>\n<h2 id=\"1\">Harrastelijat<\/h2>\n<pre>Kunto     54    Harrastelijat 1                         \r\n          Leila Ker\u00e4nen, 49743                          \r\n          Katja Ker\u00e4nen, 145961                         \r\n          Heino Ker\u00e4nen, 112318                         \r\n                                                        \r\n<\/pre>\n<h2 id=\"1\">Haukiputaan Heitto<\/h2>\n<pre>H10RR     44    Haukiputaan Heitto 1                    \r\n          Janne Jaatinen, 152534                        \r\n          Akseli Joukainen, 229285                      \r\n          Miska Matinlauri, 229168                      \r\nD40       41    Haukiputaan Heitto 1                    \r\n          Mimosa Matinlauri, 53802                      \r\n          Jatta Nurmela, 128909                         \r\n          Veera P\u00e4kkil\u00e4, 407138                         \r\nD10RR     47    Haukiputaan Heitto 1                    \r\n          Julia Rahja, 229165                           \r\n          Venla P\u00e4kkil\u00e4, 218587                         \r\n          Emilia Matinlauri, 128907                     \r\nKunto     56    Haukiputaan Heitto 1                    \r\n          Venla Jaatinen, 189358                        \r\n          Suvi P\u00e4kkil\u00e4, 214294                          \r\n          Orvokki Pesonen, 229166                       \r\n                                                        \r\n<\/pre>\n<h2 id=\"1\">Kiimingin Urheilijat<\/h2>\n<pre>H21       1     Kiimingin Urheilijat 1                  \r\n          Harri R\u00e4is\u00e4nen, 214731                        \r\n          Markku J\u00e4rvi, 0                               \r\n          Juhani P\u00e4iv\u00e4rinta, 192839                     \r\nH150-     15    Kiimingin Urheilijat 1                  \r\n          Mika Jurvakainen, 54255                       \r\n          Kari R\u00e4is\u00e4nen, 96075                          \r\n          Kari Matilainen, 0                            \r\nH150-     14    Kiimingin Urheilijat 2                  \r\n          Kai Huuhka, 82274                             \r\n          Jarmo P\u00e4\u00e4kk\u00f6nen, 116988                       \r\n          Ari Pyky, 124331                              \r\nH210-     30    Kiimingin Urheilijat 1                  \r\n          Matti P\u00e4iv\u00e4rinta, 186789                      \r\n          Heimo Pelkonen, 70121                         \r\n          Esko Takkinen, 48725                          \r\n                                                        \r\n<\/pre>\n<h2 id=\"1\">Koskelankyl\u00e4n Riento<\/h2>\n<pre>H120-     13    Koskelankyl\u00e4n Riento 1                  \r\n          Vacant                                        \r\n          Vacant                                        \r\n          Vacant                                        \r\nH210-     31    Koskelankyl\u00e4n Riento 1                  \r\n          Seppo Mattila, 198287                         \r\n          Eino Qvist, 51962                             \r\n          Antero Mikkonen, 51965                        \r\nD90-      9     Koskelankyl\u00e4n Riento 1                  \r\n          Henna Lantto, 51620                           \r\n          Sari Kotaniemi, 217328                        \r\n          Sara Palmi, 106940                            \r\n                                                        \r\n<\/pre>\n<h2 id=\"1\">Laitasaaren Veto<\/h2>\n<pre>H150-     16    Laitasaaren Veto 1                      \r\n          Vacant                                        \r\n          Vacant                                        \r\n          Vacant                                        \r\nH10RR     45    Laitasaaren Veto 1                      \r\n          Heikki Sev\u00e4kivi, 0                            \r\n          Akseli Hyv\u00e4rinen, 0                           \r\n          Vilma Lydman, 0                               \r\nD21       5     Laitasaaren Veto 1                      \r\n          Vacant                                        \r\n          Vacant                                        \r\n          Vacant                                        \r\nD10RR     48    Laitasaaren Veto 1                      \r\n          Essi Moilanen, 501754                         \r\n          Martta V\u00e4is\u00e4nen, 230107                       \r\n          Iida Hyv\u00e4rinen, 0                             \r\nD150      21    Laitasaaren Veto 1                      \r\n          Vacant                                        \r\n          Vacant                                        \r\n          Vacant                                        \r\n                                                        \r\n<\/pre>\n<h2 id=\"1\">Oulaisten Taru<\/h2>\n<pre>D10RR     49    Oulaisten Taru 1                        \r\n          Siiri Hietaharju, 107197                      \r\n          Miina Hietaharju, 0                           \r\n          Fanni Hietaharju, 49398                       \r\n                                                        \r\n<\/pre>\n<h2 id=\"1\">Oulun NMKY:n Urheilijat<\/h2>\n<pre>H180-     24    Oulun NMKY:n Urheilijat 1               \r\n          Tuomo Rantapelkonen, 49414                    \r\n          Esko Tuohimaa, 49424                          \r\n          Markku Heikka, 54541                          \r\nH210-     32    Oulun NMKY:n Urheilijat 1               \r\n          Kalle M\u00e4nnikk\u00f6, 53890                         \r\n          Pauli Toropainen, 54657                       \r\n          Kalevi Tapaninaho, 172827                     \r\n                                                        \r\n<\/pre>\n<h2 id=\"1\">Oulun Reipas<\/h2>\n<pre>H150-     17    Oulun Reipas 1                          \r\n          Juho Rankinen, 172160                         \r\n          Erkki Holma, 195259                           \r\n          Juha M\u00e4ntyl\u00e4, 188678                          \r\nH180-     25    Oulun Reipas 1                          \r\n          Pentti Hurskainen, 191113                     \r\n          Kauko Myllymaa, 401088                        \r\n          Marko Kela, 170802                            \r\nD150      22    Oulun Reipas 1                          \r\n          Merja Kela, 159275                            \r\n          Pirkko Myllymaa, 214209                       \r\n          Mirja Kela, 209173                            \r\n                                                        \r\n<\/pre>\n<h2 id=\"1\">Oulunsalon Vasama<\/h2>\n<pre>H40       39    Oulunsalon Vasama 1                     \r\n          Atte Rahikkala, 205072                        \r\n          Emil Takalo, 156276                           \r\n          Heidi Alitalo, 154135                         \r\nH10RR     46    Oulunsalon Vasama 1                     \r\n          Vacant                                        \r\n          Vacant                                        \r\n          Vacant                                        \r\nD40       42    Oulunsalon Vasama 1                     \r\n          Senni Limingoja, 191863                       \r\n          Anni Liisa Leskel\u00e4, 107208                    \r\n          Tiia-Maria Pekkarinen, 52303                  \r\nD10RR     50    Oulunsalon Vasama 1                     \r\n          Pinja L\u00e4nsitie, 208349                        \r\n          Aino M\u00e4ntymaa, 230259                         \r\n          Ella Limingoja, 213861                        \r\n                                                        \r\n<\/pre>\n<h2 id=\"1\">OuTa Kunto<\/h2>\n<pre>Kunto     55    OuTa Kunto 1                            \r\n          Sami H\u00e4rk\u00f6nen, 153314                         \r\n          Jussi Neuvonen, 156535                        \r\n          Laura H\u00e4rk\u00f6nen, 153222                        \r\n                                                        \r\n<\/pre>\n<h2 id=\"1\">Per\u00e4meren Rasti<\/h2>\n<pre>H180-     26    Per\u00e4meren Rasti 1                       \r\n          Jouko Paaso, 49731                            \r\n          Olli Laitinen, 103955                         \r\n          Olli Juntunen, 51689                          \r\n                                                        \r\n<\/pre>\n<h2 id=\"1\">Pudasj\u00e4rven Urheilijat<\/h2>\n<pre>D10RR     51    Pudasj\u00e4rven Urheilijat 1                \r\n          Silja Alah\u00e4iv\u00e4l\u00e4, 107136                      \r\n          Siiri Korhonen, 107135                        \r\n          Mette Moilanen, 205324                        \r\nD10RR     52    Pudasj\u00e4rven Urheilijat 2                \r\n          Neea Moilanen, 205323                         \r\n          Emilia Niskasaari, 221573                     \r\n          Venla Leino, 105325                           \r\n                                                        \r\n<\/pre>\n<h2 id=\"1\">Saloisten Reipas<\/h2>\n<pre>H21       4     Saloisten Reipas 1                      \r\n          Panu Peisa, 190723                            \r\n          Sami Karvonen, 194048                         \r\n          Samuel Korhonen, 221442                       \r\nH21       3     Saloisten Reipas 2                      \r\n          Harri Lammi, 192011                           \r\n          Miska Kuusikko, 190424                        \r\n          Marko Kuusikko, 181641                        \r\nH180-     27    Saloisten Reipas 1                      \r\n          Jarmo Paananen, 128728                        \r\n          Aarne Peltonen, 204979                        \r\n          Urho Sivonen, 49730                           \r\nH210-     33    Saloisten Reipas 1                      \r\n          Olavi Kittil\u00e4, 407157                         \r\n          Markku Myllyaho, 83977                        \r\n          Niilo Sevon, 49741                            \r\nH210-     34    Saloisten Reipas 2                      \r\n          Paavo Peisa, 49738                            \r\n          Arvo Helanti, 83974                           \r\n          Kalervo Grekula, 229812                       \r\nD120-     12    Saloisten Reipas 1                      \r\n          Riikka Velema, 205421                         \r\n          Tarja H Kyr\u00f6l\u00e4inen, 183998                    \r\n          Hanna Kangas, 49723                           \r\n                                                        \r\n<\/pre>\n<h2 id=\"1\">Sinkki-Sepot<\/h2>\n<pre>D90-      10    Sinkki-Sepot 1                          \r\n          Jannaliina Jussinniemi, 0                     \r\n          Tiina T\u00f6rmikoski, 48735                       \r\n          Seija Jussinniemi, 107196                     \r\n                                                        \r\n<\/pre>\n<h2 id=\"1\">SK Pohjant\u00e4hti<\/h2>\n<pre>H21       2     SK Pohjant\u00e4hti 1                        \r\n          Harri Haapasalo, 173739                       \r\n          Santeri Schroderus, 171996                    \r\n          Niko Nissinen, 222230                         \r\nH40       40    SK Pohjant\u00e4hti 1                        \r\n          Sakari Ukkola, 500864                         \r\n          Juuso Kinnunen, 228768                        \r\n          Severi Simil\u00e4, 180348                         \r\nH50       36    SK Pohjant\u00e4hti 1                        \r\n          Roope P\u00f6yry, 182697                           \r\n          Benjamin Heikka, 166681                       \r\n          Jere Nissinen, 182716                         \r\nH150-     18    SK Pohjant\u00e4hti 1                        \r\n          Vesa Halonen, 175670                          \r\n          Kaj Fredriksson, 130358                       \r\n          Pekka Parkkinen, 207052                       \r\nH150-     19    SK Pohjant\u00e4hti 2                        \r\n          Jarmo Haapasalo, 169845                       \r\n          Olli Liinamaa, 83881                          \r\n          Urpo Niemel\u00e4, 231130                          \r\nH150-     38    SK Pohjant\u00e4hti 3                        \r\n          Mikko Karppinen, 488087                       \r\n          Hemmo Ahokoivu, 150750                        \r\n          Mika Isolahti, 116946                         \r\nH210-     35    SK Pohjant\u00e4hti 1                        \r\n          Rauno  Kaipala, 220964                        \r\n          Jorma Veijovaara, 149158                      \r\n          Hannu Juutinen, 183605                        \r\nD21       6     SK Pohjant\u00e4hti 1                        \r\n          Henriikka Haapasalo, 195152                   \r\n          Lotta Sankelo, 153031                         \r\n          Juliaana N\u00e4si, 413244                         \r\nD21       8     SK Pohjant\u00e4hti 2                        \r\n          Orvokki Mattila, 191414                       \r\n          Ella Liinamaa, 142251                         \r\n          Katharina Palmer, 203076                      \r\nD40       43    SK Pohjant\u00e4hti 1                        \r\n          Minea Anttila, 197572                         \r\n          Mai Hemmi, 182964                             \r\n          Selina Simil\u00e4, 191013                         \r\nD50       37    SK Pohjant\u00e4hti 1                        \r\n          Wilma Haapasalo, 159887                       \r\n          Emma Sankelo, 169452                          \r\n          Heidi Haapasalo, 154548                       \r\nD90-      11    SK Pohjant\u00e4hti 1                        \r\n          Johanna Hankonen, 57786                       \r\n          Mervi Holster-Hemmi, 49460                    \r\n          Elina Sillanp\u00e4\u00e4, 411005                       \r\nD10RR     53    SK Pohjant\u00e4hti 1                        \r\n          Ilona Anttila, 58271                          \r\n          Helmiina Simil\u00e4, 220524                       \r\n          Selma M\u00e4k\u00e4r\u00e4inen, 48724                       \r\nD150      23    SK Pohjant\u00e4hti 1                        \r\n          Raili Hokaj\u00e4rvi, 226969                       \r\n          Ulla Mattila, 169406                          \r\n          Lea Putkonen, 70264                           \r\n                                                        \r\n<\/pre>\n<h2 id=\"1\">Vaalan Karhu<\/h2>\n<pre>H180-     28    Vaalan Karhu 1                          \r\n          Jorma Salminen, 181183                        \r\n          Jouko Roivainen, 125540                       \r\n          Taisto Kemppainen, 402931                     \r\n                                                        \r\n<\/pre>\n<h2 id=\"1\">Ylikiimingin Nuijamiehet<\/h2>\n<pre>H150-     20    Ylikiimingin Nuijamiehet 1              \r\n          Hannu Holappa, 54545                          \r\n          Harri Kotila, 110514                          \r\n          Arto Holappa, 49860                           \r\nD21       7     Ylikiimingin Nuijamiehet 1              \r\n          Maria Laitinen, 172830                        \r\n          Satu Turtinen, 112070                         \r\n          Mirka Haataja, 201143                         \r\n                                                        \r\n<\/pre>\n","protected":false},"excerpt":{"rendered":"<p>Ilmoittautuneet Harrastelijat Kunto 54 Harrastelijat 1 Leila Ker\u00e4nen, 49743 Katja Ker\u00e4nen, 145961 Heino Ker\u00e4nen, 112318 Haukiputaan Heitto H10RR 44 Haukiputaan Heitto 1 Janne Jaatinen, 152534 Akseli Joukainen, 229285 Miska Matinlauri, 229168 D40 41 Haukiputaan Heitto 1 Mimosa Matinlauri, 53802 Jatta Nurmela, 128909 Veera P\u00e4kkil\u00e4, 407138 D10RR 47 Haukiputaan Heitto 1 Julia Rahja, 229165 Venla P\u00e4kkil\u00e4, [&hellip;]<\/p>\n","protected":false},"author":10,"featured_media":0,"parent":692,"menu_order":4,"comment_status":"closed","ping_status":"closed","template":"","meta":{"footnotes":"","_links_to":"","_links_to_target":""},"class_list":["post-753","page","type-page","status-publish","hentry"],"_links":{"self":[{"href":"https:\/\/www.oulunsalonvasama.fi\/suunnistus\/wp-json\/wp\/v2\/pages\/753","targetHints":{"allow":["GET"]}}],"collection":[{"href":"https:\/\/www.oulunsalonvasama.fi\/suunnistus\/wp-json\/wp\/v2\/pages"}],"about":[{"href":"https:\/\/www.oulunsalonvasama.fi\/suunnistus\/wp-json\/wp\/v2\/types\/page"}],"author":[{"embeddable":true,"href":"https:\/\/www.oulunsalonvasama.fi\/suunnistus\/wp-json\/wp\/v2\/users\/10"}],"replies":[{"embeddable":true,"href":"https:\/\/www.oulunsalonvasama.fi\/suunnistus\/wp-json\/wp\/v2\/comments?post=753"}],"version-history":[{"count":1,"href":"https:\/\/www.oulunsalonvasama.fi\/suunnistus\/wp-json\/wp\/v2\/pages\/753\/revisions"}],"predecessor-version":[{"id":754,"href":"https:\/\/www.oulunsalonvasama.fi\/suunnistus\/wp-json\/wp\/v2\/pages\/753\/revisions\/754"}],"up":[{"embeddable":true,"href":"https:\/\/www.oulunsalonvasama.fi\/suunnistus\/wp-json\/wp\/v2\/pages\/692"}],"wp:attachment":[{"href":"https:\/\/www.oulunsalonvasama.fi\/suunnistus\/wp-json\/wp\/v2\/media?parent=753"}],"curies":[{"name":"wp","href":"https:\/\/api.w.org\/{rel}","templated":true}]}}