{"id":720,"date":"2016-08-10T13:16:03","date_gmt":"2016-08-10T13:16:03","guid":{"rendered":"http:\/\/www.oulunsalonvasama.fi\/suunnistus\/?page_id=720"},"modified":"2016-08-13T19:34:59","modified_gmt":"2016-08-13T19:34:59","slug":"tulokset-lauantai","status":"publish","type":"page","link":"https:\/\/www.oulunsalonvasama.fi\/suunnistus\/arkisto\/2016-2\/am-2016\/tulokset-lauantai\/","title":{"rendered":"Tulokset Lauantai"},"content":{"rendered":"<h1>P-P AM-pitk\u00e4 13.8.2016, Kisakangas, OsVa<\/h1>\n<h3 id=\"1\">H21 10,05 km<\/h3>\n<pre>L\u00e4hti : 7   Keskeytti : 0   Hyl\u00e4tty : 1\r\n\r\n   1. Haapasalo Harri                     Pohjant    1.10.49           \r\n   2. Nissinen Niko                       Pohjant    1.12.21    +01.32 \r\n   3. Schroderus Santeri                  Pohjant    1.12.30    +01.41 \r\n   4. P\u00e4iv\u00e4rinta Juhani                   KiimU      1.16.12    +05.23 \r\n   5. Sepp\u00e4nen Mika                       VaKa       1.22.18    +11.29 \r\n   6. Ker\u00e4nen Teemu                       KaSu       1.22.49    +12.00 \r\n      Koljonen Jouni                      VaKa          Hyl. \r\n\r\n<\/pre>\n<h3 id=\"2\">H35 8,29 km<\/h3>\n<pre>L\u00e4hti : 1   Keskeytti : 0   Hyl\u00e4tty : 0\r\n\r\n   1. Pitk\u00e4nen Harri                      KEV        1.15.59           \r\n\r\n<\/pre>\n<h3 id=\"3\">H40 8,29 km<\/h3>\n<pre>L\u00e4hti : 4   Keskeytti : 0   Hyl\u00e4tty : 0\r\n\r\n   1. Peisa Panu                          SalRe      1.03.17           \r\n   2. Karppinen Mikko                     Pohjant    1.03.58       +41 \r\n   3. Heinikoski Kauko                    KoskRi     1.05.35    +02.18 \r\n   4. Rinta Toni                          KoskRi     1.29.33    +26.16 \r\n\r\n<\/pre>\n<h3 id=\"4\">H45 7,94 km<\/h3>\n<pre>L\u00e4hti : 9   Keskeytti : 0   Hyl\u00e4tty : 1\r\n\r\n   1. Haapasalo Jarmo                     Pohjant    1.07.46           \r\n   2. Jurvakainen Mika                    KiimU      1.09.21    +01.35 \r\n   3. Loukusa Markku                      Iisu       1.11.55    +04.09 \r\n   4. Kuusikko Marko                      SalRe      1.13.02    +05.16 \r\n   5. Liinamaa Olli                       Pohjant    1.13.47    +06.01 \r\n   6. Fredriksson Kaj                     Pohjant    1.14.42    +06.56 \r\n   7. Kela Marko                          OulRe      1.26.42    +18.56 \r\n   8. P\u00e4\u00e4kk\u00f6nen Jarmo                     KiimU      1.30.45    +22.59 \r\n      Lammi Harri                         SalRe         Hyl. \r\n\r\n<\/pre>\n<h3 id=\"5\">H50 6,77 km<\/h3>\n<pre>L\u00e4hti : 5   Keskeytti : 0   Hyl\u00e4tty : 0\r\n\r\n   1. Rantapelkonen Tuomo                 ONMKY        58.10           \r\n   2. Huuhka Kai                          KiimU      1.00.27    +02.17 \r\n   3. Neuvonen Jussi                      OuTa       1.04.23    +06.13 \r\n   4. Holma Erkki                         OulRe      1.12.53    +14.43 \r\n   5. Ervasti Hannu                       KEV        1.27.37    +29.27 \r\n\r\n<\/pre>\n<h3 id=\"6\">H55 6,28 km<\/h3>\n<pre>L\u00e4hti : 7   Keskeytti : 0   Hyl\u00e4tty : 0\r\n\r\n   1. Rankinen Juho                       OulRe        58.36           \r\n   2. Jussila Raimo                       HaapavU    1.00.16    +01.40 \r\n   3. Lotvonen Kari                       LaiVe      1.07.05    +08.29 \r\n   4. Paananen Jarmo                      SalRe      1.07.08    +08.32 \r\n   5. Parkkinen Pekka                     Pohjant    1.09.19    +10.43 \r\n   6. Niemel\u00e4 Urpo                        Pohjant    1.09.22    +10.46 \r\n   7. Karppinen Jouko                     LaiVe      1.22.55    +24.19 \r\n\r\n<\/pre>\n<h3 id=\"7\">H60 6,09 km<\/h3>\n<pre>L\u00e4hti : 14   Keskeytti : 1   Hyl\u00e4tty : 0\r\n\r\n   1. Heikka Markku                       ONMKY        43.49           \r\n   2. Tervo Arhi                          ONMKY        47.03    +03.14 \r\n   3. Vilminko Pauli                      SiSe         48.33    +04.44 \r\n   4. P\u00e4iv\u00e4rinta Matti                    KiimU        49.05    +05.16 \r\n   5. Grekel\u00e4 Antti                       HaHe         50.48    +06.59 \r\n   6. Kaasinen Aulis                      Pohjant      52.49    +09.00 \r\n   7. Juntunen Olli                       PeRa         53.42    +09.53 \r\n   8. Ahokoivu Hemmo                      Pohjant      55.05    +11.16 \r\n   9. Karstunen Hannu                     HaapavU      57.00    +13.11 \r\n  10. Kotila Harri                        YlikNM       59.01    +15.12 \r\n  11. Pihlajaniemi Pekka                  SalRe      1.04.47    +20.58 \r\n  12. Paaso Jouko                         PeRa       1.05.44    +21.55 \r\n  13. Haapasalo Pertti                    Pohjant    1.08.52    +25.03 \r\n      Suorsa Matti                        PudU         Kesk. \r\n\r\n<\/pre>\n<h3 id=\"8\">H65 5,52 km<\/h3>\n<pre>L\u00e4hti : 16   Keskeytti : 1   Hyl\u00e4tty : 0\r\n\r\n   1. Juola Eero                          KoS          49.25           \r\n   2. Kemppainen Taisto                   VaKa         50.21       +56 \r\n      Sevon Niilo                         SalRe        50.21       +56 \r\n   4. Laitinen Olli                       PeRa         52.44    +03.19 \r\n   5. Tuohimaa Esko                       ONMKY        55.13    +05.48 \r\n   6. Heinikoski Kalevi                   KoskRi       56.45    +07.20 \r\n   7. Juutinen Hannu                      Pohjant    1.00.56    +11.31 \r\n   8. Roivainen Jouko                     VaKa       1.02.27    +13.02 \r\n   9. Hurskainen Pentti                   OulRe      1.03.55    +14.30 \r\n  10. Puurunen Jorma                      ONMKY      1.05.11    +15.46 \r\n  11. Kinnunen Raimo                      Pohjant    1.07.26    +18.01 \r\n  12. Tapaninaho Kalevi                   ONMKY      1.11.38    +22.13 \r\n  13. Myllymaa Kauko                      OulRe      1.12.04    +22.39 \r\n  14. Sivonen Urho                        SalRe      1.15.27    +26.02 \r\n  15. Toropainen Pauli                    ONMKY      1.15.46    +26.21 \r\n      Liedes Sakari                       Iisu         Kesk. \r\n\r\n<\/pre>\n<h3 id=\"9\">H70 4,61 km<\/h3>\n<pre>L\u00e4hti : 6   Keskeytti : 0   Hyl\u00e4tty : 1\r\n\r\n   1. Mikkonen Antero                     KoskRi       49.12           \r\n   2. Salminen Jorma                      VaKa         50.16    +01.04 \r\n   3. Kaipala Rauno                       Pohjant      51.18    +02.06 \r\n   4. Grekula Kalervo                     SalRe        54.44    +05.32 \r\n   5. Pietil\u00e4inen Erkki                   PeRa         55.34    +06.22 \r\n      Mattila Seppo                       KoskRi        Hyl. \r\n\r\n<\/pre>\n<h3 id=\"10\">H75 3,60 km<\/h3>\n<pre>L\u00e4hti : 6   Keskeytti : 1   Hyl\u00e4tty : 0\r\n\r\n   1. Nikula Reino                        OuTa         36.30           \r\n   2. Kittil\u00e4 Olavi                       SalRe        42.49    +06.19 \r\n   3. Pelkonen Heimo                      KiimU        45.41    +09.11 \r\n   4. Veijovaara Jorma                    Pohjant      47.03    +10.33 \r\n   5. M\u00e4nnikk\u00f6 Kalle                      ONMKY        50.16    +13.46 \r\n      Takkinen Esko                       KiimU        Kesk. \r\n\r\n<\/pre>\n<h3 id=\"11\">H80 2,86 km<\/h3>\n<pre>L\u00e4hti : 1   Keskeytti : 0   Hyl\u00e4tty : 0\r\n\r\n   1. Hanhela Pentti                      KiimU      1.16.23           \r\n\r\n<\/pre>\n<h3 id=\"12\">H85 2,51 km<\/h3>\n<pre>L\u00e4hti : 3   Keskeytti : 0   Hyl\u00e4tty : 1\r\n\r\n   1. Vartiainen Sulo                     KiimU        38.33           \r\n   2. Rajavaara Juhani                    PudU         46.00    +07.27 \r\n      J\u00e4ppinen Ky\u00f6sti                     Iisu          Hyl. \r\n\r\n<\/pre>\n<h3 id=\"13\">H20 7,94 km<\/h3>\n<pre>L\u00e4hti : 2   Keskeytti : 0   Hyl\u00e4tty : 0\r\n\r\n   1. Ervasti Samuli                      KEV        1.15.58           \r\n   2. Inget Juha-Matti                    PudU       1.19.31    +03.33 \r\n\r\n<\/pre>\n<h3 id=\"14\">H18 6,28 km<\/h3>\n<pre>L\u00e4hti : 1   Keskeytti : 0   Hyl\u00e4tty : 0\r\n\r\n   1. H\u00e4rk\u00f6nen Sami                       OuTa         56.21           \r\n\r\n<\/pre>\n<h3 id=\"15\">H16 5,06 km<\/h3>\n<pre>L\u00e4hti : 3   Keskeytti : 0   Hyl\u00e4tty : 0\r\n\r\n   1. Nissinen Jere                       Pohjant      33.29           \r\n   2. P\u00f6yry Roope                         Pohjant      42.32    +09.03 \r\n   3. Hiltunen Juho                       ONMKY        48.17    +14.48 \r\n\r\n<\/pre>\n<h3 id=\"16\">H14 2,97 km<\/h3>\n<pre>L\u00e4hti : 7   Keskeytti : 0   Hyl\u00e4tty : 0\r\n\r\n   1. Heikka Benjamin                     Pohjant      19.24           \r\n   2. Ukkola Sakari                       Pohjant      20.17       +53 \r\n   3. Kuusikko Miska                      SalRe        21.26    +02.02 \r\n   4. Simil\u00e4 Severi                       Pohjant      21.56    +02.32 \r\n   5. Rahikkala Atte                      OSVA         23.40    +04.16 \r\n   6. Takalo Emil                         OSVA         23.50    +04.26 \r\n   7. Matinlauri Kasperi                  HaHe         34.08    +14.44 \r\n\r\n<\/pre>\n<h3 id=\"17\">H12TR 1,89 km<\/h3>\n<pre>L\u00e4hti : 1   Keskeytti : 0   Hyl\u00e4tty : 0\r\n\r\n   1. Rahja Joona                         HaHe         35.09           \r\n\r\n<\/pre>\n<h3 id=\"18\">H12 2,41 km<\/h3>\n<pre>L\u00e4hti : 3   Keskeytti : 0   Hyl\u00e4tty : 0\r\n\r\n   1. Niemel\u00e4 Paavo                       Iisu         16.21           \r\n   2. Kinnunen Juuso                      Pohjant      18.19    +01.58 \r\n   3. Kinnunen Antti                      Pohjant      22.46    +06.25 \r\n\r\n<\/pre>\n<h3 id=\"19\">H10RR 1,71 km<\/h3>\n<pre>L\u00e4hti : 4   Keskeytti : 0   Hyl\u00e4tty : 0\r\n\r\n   1. M\u00e4\u00e4tt\u00e4 Roope                        Pohjant      16.11           \r\n   2. Pitk\u00e4nen Tuukka                     KEV          17.46    +01.35 \r\n   3. Jaatinen Janne                      HaHe         22.12    +06.01 \r\n   4. Ervasti Hannes                      KEV          41.15    +25.04 \r\n\r\n<\/pre>\n<h3 id=\"20\">H8RR 1,71 km<\/h3>\n<pre>L\u00e4hti : 3   Keskeytti : 0   Hyl\u00e4tty : 0\r\n\r\n   1. Paakkolanvaara Kalle                OSVA         19.41           \r\n   2. Paakkolanvaara Ilpo                 OSVA         22.24    +02.43 \r\n   3. Sev\u00e4kivi Heikki                     LaiVe        34.50    +15.09 \r\n\r\n<\/pre>\n<h3 id=\"21\">D21 7,09 km<\/h3>\n<pre>L\u00e4hti : 5   Keskeytti : 0   Hyl\u00e4tty : 0\r\n\r\n   1. N\u00e4si Juliaana                       Pohjant      58.14           \r\n   2. Laitinen Maria                      YlikNM     1.00.03    +01.49 \r\n   3. Lotvonen Essi                       LaiVe      1.03.58    +05.44 \r\n   4. Haapasalo Henriikka                 Pohjant    1.11.14    +13.00 \r\n   5. Mattila Orvokki                     Pohjant    1.14.14    +16.00 \r\n\r\n<\/pre>\n<h3 id=\"22\">D35 5,52 km<\/h3>\n<pre>L\u00e4hti : 1   Keskeytti : 0   Hyl\u00e4tty : 0\r\n\r\n   1. Huotari Sari                        Pohjant    1.14.53           \r\n\r\n<\/pre>\n<h3 id=\"23\">D40 5,52 km<\/h3>\n<pre>L\u00e4hti : 6   Keskeytti : 1   Hyl\u00e4tty : 0\r\n\r\n   1. Velema Riikka                       SalRe        52.08           \r\n   2. Turtinen Satu                       YlikNM       52.53       +45 \r\n   3. Klasila Satu                        PeRa         59.24    +07.16 \r\n   4. Kela Merja                          OulRe      1.02.46    +10.38 \r\n   5. Goman Annukka                       VePo       1.05.34    +13.26 \r\n      Sillanp\u00e4\u00e4 Elina                     Pohjant      Kesk. \r\n\r\n<\/pre>\n<h3 id=\"24\">D45 5,06 km<\/h3>\n<pre>L\u00e4hti : 3   Keskeytti : 0   Hyl\u00e4tty : 0\r\n\r\n   1. Laurila Sari                        SalRe        53.03           \r\n   2. Alah\u00e4iv\u00e4l\u00e4 Kirsi                    PudU       1.00.56    +07.53 \r\n   3. Pesonen Orvokki                     HaHe       1.09.26    +16.23 \r\n\r\n<\/pre>\n<h3 id=\"25\">D50 4,61 km<\/h3>\n<pre>L\u00e4hti : 4   Keskeytti : 0   Hyl\u00e4tty : 0\r\n\r\n   1. Lotvonen Arja                       LaiVe        44.20           \r\n   2. Riikola Sirpa                       YlikNM       48.17    +03.57 \r\n   3. Hokaj\u00e4rvi Raili                     Pohjant      50.48    +06.28 \r\n   4. Kosamo Maire                        PudU       1.00.27    +16.07 \r\n\r\n<\/pre>\n<h3 id=\"26\">D55 4,33 km<\/h3>\n<pre>L\u00e4hti : 3   Keskeytti : 0   Hyl\u00e4tty : 1\r\n\r\n   1. Jokela Riitta                       YlikNM       47.56           \r\n   2. Myllymaa Pirkko                     OulRe        53.53    +05.57 \r\n      Jussinniemi Seija                   SiSe          Hyl. \r\n\r\n<\/pre>\n<h3 id=\"27\">D60 4,33 km<\/h3>\n<pre>L\u00e4hti : 2   Keskeytti : 0   Hyl\u00e4tty : 0\r\n\r\n   1. Karstunen Rauni                     HaapavU      51.53           \r\n   2. Karjalainen Seija                   LaiVe      1.08.03    +16.10 \r\n\r\n<\/pre>\n<h3 id=\"28\">D65 3,51 km<\/h3>\n<pre>L\u00e4hti : 4   Keskeytti : 1   Hyl\u00e4tty : 0\r\n\r\n   1. Putkonen Lea                        Pohjant      37.40           \r\n   2. Mattila Ulla                        Pohjant      42.11    +04.31 \r\n   3. Kela Mirja                          OulRe        53.01    +15.21 \r\n      Rajaniemi Anneli                    OTaru        Kesk. \r\n\r\n<\/pre>\n<h3 id=\"29\">D70 2,51 km<\/h3>\n<pre>L\u00e4hti : 2   Keskeytti : 0   Hyl\u00e4tty : 0\r\n\r\n   1. Hankonen Anna-Liisa                 Iisu         32.27           \r\n   2. Nikula Irma                         OuTa         35.18    +02.51 \r\n\r\n<\/pre>\n<h3 id=\"30\">D20 6,09 km<\/h3>\n<pre>L\u00e4hti : 2   Keskeytti : 0   Hyl\u00e4tty : 0\r\n\r\n   1. Riikola Henna-Maria                 YlikNM       58.54           \r\n   2. Impi\u00f6 Tiia                          VePo       1.27.33    +28.39 \r\n\r\n<\/pre>\n<h3 id=\"31\">D18 4,61 km<\/h3>\n<pre>L\u00e4hti : 3   Keskeytti : 0   Hyl\u00e4tty : 0\r\n\r\n   1. Hiltunen Anna                       YlikNM       45.00           \r\n   2. Ervasti Siiri                       KEV          55.15    +10.15 \r\n   3. Liinamaa Ella                       Pohjant    1.02.30    +17.30 \r\n\r\n<\/pre>\n<h3 id=\"32\">D16 3,51 km<\/h3>\n<pre>L\u00e4hti : 6   Keskeytti : 0   Hyl\u00e4tty : 0\r\n\r\n   1. Goman Anna                          VePo         26.43           \r\n   2. Haapasalo Wilma                     Pohjant      29.17    +02.34 \r\n   3. Sankelo Lotta                       Pohjant      30.22    +03.39 \r\n   4. P\u00e4kkil\u00e4 Suvi                        HaHe         34.40    +07.57 \r\n   5. Jaatinen Venla                      HaHe         36.07    +09.24 \r\n   6. Lehto Oona                          LaiVe        36.37    +09.54 \r\n\r\n<\/pre>\n<h3 id=\"33\">D14 3,11 km<\/h3>\n<pre>L\u00e4hti : 7   Keskeytti : 0   Hyl\u00e4tty : 0\r\n\r\n   1. Viippola Venla                      OuTa         22.51           \r\n   2. Riikola Riina                       YlikNM       26.32    +03.41 \r\n   3. Goman Maija                         VePo         29.30    +06.39 \r\n   4. Mutka Aino                          Pohjant      32.25    +09.34 \r\n   5. Kari Seela                          LaiVe        32.38    +09.47 \r\n   6. Loukusa Anni                        Iisu         33.36    +10.45 \r\n   7. Kari Reetta                         LaiVe        36.19    +13.28 \r\n\r\n<\/pre>\n<h3 id=\"34\">D12TR 1,89 km<\/h3>\n<pre>L\u00e4hti : 6   Keskeytti : 0   Hyl\u00e4tty : 2\r\n\r\n   1. Pitk\u00e4nen Anni                       KEV          17.25           \r\n   2. Limingoja Senni                     OSVA         17.54       +29 \r\n   3. Hietaharju Siiri                    OTaru        28.31    +11.06 \r\n   4. P\u00e4kkil\u00e4 Veera                       HaHe         37.09    +19.44 \r\n      Matinlauri Mimosa                   HaHe          Hyl. \r\n      Simil\u00e4 Selina                       Pohjant       Hyl. \r\n\r\n<\/pre>\n<h3 id=\"35\">D12 2,41 km<\/h3>\n<pre>L\u00e4hti : 2   Keskeytti : 0   Hyl\u00e4tty : 0\r\n\r\n   1. Anttila Minea                       Pohjant      17.10           \r\n   2. Hemmi Mai                           Pohjant      19.18    +02.08 \r\n\r\n<\/pre>\n<h3 id=\"36\">D10RR 1,71 km<\/h3>\n<pre>L\u00e4hti : 8   Keskeytti : 0   Hyl\u00e4tty : 0\r\n\r\n   1. M\u00e4k\u00e4r\u00e4inen Selma                    Pohjant      14.38           \r\n   2. Leino Venla                         PudU         17.51    +03.13 \r\n   3. Rahja Julia                         HaHe         20.28    +05.50 \r\n   4. Saari Annalotta                     HaHe         21.15    +06.37 \r\n   5. P\u00e4kkil\u00e4 Venla                       HaHe         22.10    +07.32 \r\n   6. Goman Matleena                      VePo         22.43    +08.05 \r\n   7. Hietaharju Fanni                    OTaru        24.53    +10.15 \r\n   8. Moilanen Essi                       LaiVe        29.36    +14.58 \r\n\r\n<\/pre>\n<h3 id=\"37\">D8RR 1,71 km<\/h3>\n<pre>L\u00e4hti : 10   Keskeytti : 0   Hyl\u00e4tty : 0\r\n\r\n   1. Simil\u00e4 Helmiina                     Pohjant      14.55           \r\n   2. Anttila Ilona                       Pohjant      16.41    +01.46 \r\n   3. L\u00e4nsitie Pinja                      OSVA         18.25    +03.30 \r\n   4. V\u00e4is\u00e4nen Martta                     LaiVe        18.53    +03.58 \r\n   5. Alah\u00e4iv\u00e4l\u00e4 Silja                    PudU         19.00    +04.05 \r\n   6. Matinlauri Emilia                   HaHe         21.19    +06.24 \r\n   7. M\u00e4ntymaa Anni                       OSVA         23.21    +08.26 \r\n   8. Lydman Vilma                        LaiVe        25.13    +10.18 \r\n   9. Hietaharju Miina                    OTaru        25.58    +11.03 \r\n  10. Saari Amanda                        HaHe         42.46    +27.51 \r\n\r\n<\/pre>\n<p>&nbsp;<\/p>\n","protected":false},"excerpt":{"rendered":"<p>P-P AM-pitk\u00e4 13.8.2016, Kisakangas, OsVa H21 10,05 km L\u00e4hti : 7 Keskeytti : 0 Hyl\u00e4tty : 1 1. Haapasalo Harri Pohjant 1.10.49 2. Nissinen Niko Pohjant 1.12.21 +01.32 3. Schroderus Santeri Pohjant 1.12.30 +01.41 4. P\u00e4iv\u00e4rinta Juhani KiimU 1.16.12 +05.23 5. Sepp\u00e4nen Mika VaKa 1.22.18 +11.29 6. Ker\u00e4nen Teemu KaSu 1.22.49 +12.00 Koljonen Jouni VaKa [&hellip;]<\/p>\n","protected":false},"author":10,"featured_media":0,"parent":692,"menu_order":6,"comment_status":"closed","ping_status":"closed","template":"","meta":{"footnotes":"","_links_to":"","_links_to_target":""},"class_list":["post-720","page","type-page","status-publish","hentry"],"_links":{"self":[{"href":"https:\/\/www.oulunsalonvasama.fi\/suunnistus\/wp-json\/wp\/v2\/pages\/720","targetHints":{"allow":["GET"]}}],"collection":[{"href":"https:\/\/www.oulunsalonvasama.fi\/suunnistus\/wp-json\/wp\/v2\/pages"}],"about":[{"href":"https:\/\/www.oulunsalonvasama.fi\/suunnistus\/wp-json\/wp\/v2\/types\/page"}],"author":[{"embeddable":true,"href":"https:\/\/www.oulunsalonvasama.fi\/suunnistus\/wp-json\/wp\/v2\/users\/10"}],"replies":[{"embeddable":true,"href":"https:\/\/www.oulunsalonvasama.fi\/suunnistus\/wp-json\/wp\/v2\/comments?post=720"}],"version-history":[{"count":3,"href":"https:\/\/www.oulunsalonvasama.fi\/suunnistus\/wp-json\/wp\/v2\/pages\/720\/revisions"}],"predecessor-version":[{"id":759,"href":"https:\/\/www.oulunsalonvasama.fi\/suunnistus\/wp-json\/wp\/v2\/pages\/720\/revisions\/759"}],"up":[{"embeddable":true,"href":"https:\/\/www.oulunsalonvasama.fi\/suunnistus\/wp-json\/wp\/v2\/pages\/692"}],"wp:attachment":[{"href":"https:\/\/www.oulunsalonvasama.fi\/suunnistus\/wp-json\/wp\/v2\/media?parent=720"}],"curies":[{"name":"wp","href":"https:\/\/api.w.org\/{rel}","templated":true}]}}