{"id":17,"date":"2009-09-07T13:51:45","date_gmt":"2009-09-07T10:51:45","guid":{"rendered":"http:\/\/www.oulunsalonvasama.fi\/pesapallobeta\/?page_id=17"},"modified":"2024-11-04T16:12:33","modified_gmt":"2024-11-04T13:12:33","slug":"pesiskoulu","status":"publish","type":"page","link":"https:\/\/www.oulunsalonvasama.fi\/pesapallo\/pesiskoulu\/","title":{"rendered":"Pesiskoulu ja -kerho"},"content":{"rendered":"<div>\n<h1>Pesisliikkari suunnitteilla kev\u00e4\u00e4lle 2025<\/h1>\n<p>Palataan asiaan l\u00e4hemp\u00e4n\u00e4.<\/p>\n<p>&nbsp;<\/p>\n<\/div>\n","protected":false},"excerpt":{"rendered":"<p>Pesisliikkari suunnitteilla kev\u00e4\u00e4lle 2025 Palataan asiaan l\u00e4hemp\u00e4n\u00e4. &nbsp;<\/p>\n","protected":false},"author":1,"featured_media":0,"parent":0,"menu_order":5,"comment_status":"closed","ping_status":"open","template":"","meta":{"footnotes":""},"class_list":["post-17","page","type-page","status-publish","hentry"],"_links":{"self":[{"href":"https:\/\/www.oulunsalonvasama.fi\/pesapallo\/wp-json\/wp\/v2\/pages\/17","targetHints":{"allow":["GET"]}}],"collection":[{"href":"https:\/\/www.oulunsalonvasama.fi\/pesapallo\/wp-json\/wp\/v2\/pages"}],"about":[{"href":"https:\/\/www.oulunsalonvasama.fi\/pesapallo\/wp-json\/wp\/v2\/types\/page"}],"author":[{"embeddable":true,"href":"https:\/\/www.oulunsalonvasama.fi\/pesapallo\/wp-json\/wp\/v2\/users\/1"}],"replies":[{"embeddable":true,"href":"https:\/\/www.oulunsalonvasama.fi\/pesapallo\/wp-json\/wp\/v2\/comments?post=17"}],"version-history":[{"count":205,"href":"https:\/\/www.oulunsalonvasama.fi\/pesapallo\/wp-json\/wp\/v2\/pages\/17\/revisions"}],"predecessor-version":[{"id":5084,"href":"https:\/\/www.oulunsalonvasama.fi\/pesapallo\/wp-json\/wp\/v2\/pages\/17\/revisions\/5084"}],"wp:attachment":[{"href":"https:\/\/www.oulunsalonvasama.fi\/pesapallo\/wp-json\/wp\/v2\/media?parent=17"}],"curies":[{"name":"wp","href":"https:\/\/api.w.org\/{rel}","templated":true}]}}