{"id":9825,"date":"2022-06-20T06:39:44","date_gmt":"2022-06-20T06:39:44","guid":{"rendered":"https:\/\/www.oulunsalonvasama.fi\/lentopallo\/?page_id=9825"},"modified":"2022-06-20T06:41:10","modified_gmt":"2022-06-20T06:41:10","slug":"kausi-2021-2022","status":"publish","type":"page","link":"https:\/\/www.oulunsalonvasama.fi\/lentopallo\/edelliset-kaudet\/kausi-2021-2022\/","title":{"rendered":"Kausi 2021-2022"},"content":{"rendered":"<h1><strong>Joukkueet kaudella 2021-2022<\/strong><\/h1>\n<p>T\u00e4lt\u00e4 sivulta l\u00f6yd\u00e4t joukkueiden yhteystiedot. Juniorijoukkueet ottavat koko ajan mukaan uusia pelaajia. Tervetuloa!<\/p>\n<p>Lentopallo on halpa harrastus. Alla on harrastusmaksut (sis. ohjauksen, seuran j\u00e4senmaksun ja ryhm\u00e4vakuutuksen):<\/p>\n<ul>\n<li>F-juniorit: Vuosimaksu\u00a0 160 \u20ac<\/li>\n<li>E-juniorit: Vuosimaksu\u00a0 190 \u20ac<\/li>\n<li>D-juniorit ja vanhemmat: Vuosimaksu\u00a0 210 \u20ac<\/li>\n<li>Jos perheess\u00e4 useampi kuin 1 lapsi osallistuu toimintaa, vuosimaksu on 290 \u20ac\/perhe.<\/li>\n<\/ul>\n<p>Jos pelaaja osallistuu sarjatoimintaan, tarvitaan pelipassi. Pelipassien hinnat l\u00f6ytyv\u00e4t <a href=\"https:\/\/www.lentopalloliitto.fi\/urheilua\/kilpailu\/pelipassit.html\">Lentopalloliiton sivuilta<\/a>. Halutessaan voi tilata seura-asuja. Ne maksavat erikseen.<\/p>\n<hr \/>\n<h1><strong>Pikkujunnut:<\/strong><\/h1>\n<p><strong>Pallokerho\u00a0(alle kouluik\u00e4isille):<br \/>\n<\/strong>YHTEYSHENKIL\u00d6\u00c4 ETSIT\u00c4\u00c4N!\u00a0 Tiedustelut: Leena Kuukasj\u00e4rvi, 050-599 1766, leenakuukasjarvi [at] oulunsalonvasama.fi<strong><br \/>\n<\/strong><\/p>\n<p><strong>F-juniorit (13-14):<\/strong><br \/>\nLeena Kuukasj\u00e4rvi, 050-599 1766, leenakuukasjarvi [at] oulunsalonvasama.fi<\/p>\n<hr \/>\n<h1><strong>Tytt\u00f6joukkueet:<\/strong><\/h1>\n<p><strong>E-juniorit (11-12)\/D-tyt\u00f6t (-10):<br \/>\n<\/strong>Jari Pekkala, 050-502 4007, jari.pekkala [at] dayton.fi<br \/>\nHannu Parkkinen, 040-410 9076, hannuparkkinen [at] gmail.com<br \/>\nJuha Pennanen, 0400-168 086, juha.pennanen [at] hotmail.com<\/p>\n<p><strong>D-tyt\u00f6t(08-09):<br \/>\n<\/strong>Jorma Rajala, 050-512 6170, jorma.rajala1 [at] outlook.com<br \/>\nHannu Parkkinen, 040-410 9076, hannuparkkinen [at] gmail.com<\/p>\n<p><strong>C\/B <\/strong><strong>-Tyt\u00f6t(06-07)<\/strong>:<br \/>\nJarno Valtanen<\/p>\n<p><strong>A-tyt\u00f6t (05-03)<\/strong>:<br \/>\nAnna Molander, 050 4675334, anna.molander [at] gmail.com<br \/>\nRaino Pitk\u00e4nen, raipit [at] hotmail.com<\/p>\n<p>&nbsp;<\/p>\n<hr \/>\n<h1><strong>Poikajoukkueet<\/strong><\/h1>\n<p><strong>E-Pojat(11-12):<\/strong><strong><br \/>\n<\/strong>Leena Kuukasj\u00e4rvi, 050-599 1766, leenakuukasjarvi [at] oulunsalonvasama.fi<\/p>\n<p><strong>D-Pojat(09-10):<br \/>\n<\/strong>Mika Rajakangas, 050-309 6010, mika.rajakangas [at] gmail.com<\/p>\n<p><strong>C-pojat(07-08):<br \/>\n<\/strong>Joukkue yhdistetty kaudeksi 2021-2022 Kempeleen Lentopallon C-poikien kanssa<strong><br \/>\n<\/strong>Leena Kuukasj\u00e4rvi, 050-599 1766, leenakuukasjarvi [at] oulunsalonvasama.fi<\/p>\n<p><strong>B-pojat(05-06):<br \/>\n<\/strong>Salla Honkakunnas, 040-319 3392, salla.honkakunnas [at] hengitysliitto.fi<br \/>\nKari Vanhatupa, 045-111 7000, kari.vanhatupa [at] gmail.com<strong><br \/>\n<\/strong><\/p>\n<p><strong>A-pojat (02-04):<br \/>\n<\/strong>Timo Jokinen, 050-487 2861, timo.ta.jokinen [at] gmail.com<\/p>\n<p>&nbsp;<\/p>\n<hr \/>\n<h1><strong>Aikuisjoukkueet:<\/strong><\/h1>\n<p><strong>Naiset 2002<\/strong>:<br \/>\nSaara Kittil\u00e4, 040-839 6725<\/p>\n<p><strong>N15:<\/strong><strong><br \/>\n<\/strong>Ali Pietil\u00e4inen alipi [at] elisanet.fi<\/p>\n<p><strong>N2018:<\/strong><br \/>\nNoora Heikkinen, 040-526 4801, noora.heikkinen90 [at] gmail.com<\/p>\n<p>&nbsp;<\/p>\n","protected":false},"excerpt":{"rendered":"<p>Joukkueet kaudella 2021-2022 T\u00e4lt\u00e4 sivulta l\u00f6yd\u00e4t joukkueiden yhteystiedot. Juniorijoukkueet ottavat koko ajan mukaan uusia pelaajia. Tervetuloa! Lentopallo on halpa harrastus. Alla on harrastusmaksut (sis. ohjauksen, seuran j\u00e4senmaksun ja ryhm\u00e4vakuutuksen): F-juniorit: Vuosimaksu\u00a0 160 \u20ac E-juniorit: Vuosimaksu\u00a0 190 \u20ac D-juniorit ja vanhemmat: Vuosimaksu\u00a0 210 \u20ac Jos perheess\u00e4 useampi kuin 1 lapsi osallistuu toimintaa, vuosimaksu on 290 \u20ac\/perhe. &#8230; <a title=\"Kausi 2021-2022\" class=\"read-more\" href=\"https:\/\/www.oulunsalonvasama.fi\/lentopallo\/edelliset-kaudet\/kausi-2021-2022\/\" aria-label=\"Lue lis\u00e4\u00e4 aiheesta Kausi 2021-2022\">Lue lis\u00e4\u00e4<\/a><\/p>\n","protected":false},"author":36,"featured_media":0,"parent":2069,"menu_order":0,"comment_status":"closed","ping_status":"closed","template":"","meta":{"footnotes":"","_links_to":"","_links_to_target":""},"class_list":["post-9825","page","type-page","status-publish"],"_links":{"self":[{"href":"https:\/\/www.oulunsalonvasama.fi\/lentopallo\/wp-json\/wp\/v2\/pages\/9825","targetHints":{"allow":["GET"]}}],"collection":[{"href":"https:\/\/www.oulunsalonvasama.fi\/lentopallo\/wp-json\/wp\/v2\/pages"}],"about":[{"href":"https:\/\/www.oulunsalonvasama.fi\/lentopallo\/wp-json\/wp\/v2\/types\/page"}],"author":[{"embeddable":true,"href":"https:\/\/www.oulunsalonvasama.fi\/lentopallo\/wp-json\/wp\/v2\/users\/36"}],"replies":[{"embeddable":true,"href":"https:\/\/www.oulunsalonvasama.fi\/lentopallo\/wp-json\/wp\/v2\/comments?post=9825"}],"version-history":[{"count":2,"href":"https:\/\/www.oulunsalonvasama.fi\/lentopallo\/wp-json\/wp\/v2\/pages\/9825\/revisions"}],"predecessor-version":[{"id":9828,"href":"https:\/\/www.oulunsalonvasama.fi\/lentopallo\/wp-json\/wp\/v2\/pages\/9825\/revisions\/9828"}],"up":[{"embeddable":true,"href":"https:\/\/www.oulunsalonvasama.fi\/lentopallo\/wp-json\/wp\/v2\/pages\/2069"}],"wp:attachment":[{"href":"https:\/\/www.oulunsalonvasama.fi\/lentopallo\/wp-json\/wp\/v2\/media?parent=9825"}],"curies":[{"name":"wp","href":"https:\/\/api.w.org\/{rel}","templated":true}]}}