{"id":9362,"date":"2020-05-26T18:49:29","date_gmt":"2020-05-26T18:49:29","guid":{"rendered":"http:\/\/www.oulunsalonvasama.fi\/lentopallo\/?page_id=9362"},"modified":"2025-08-21T20:32:10","modified_gmt":"2025-08-21T20:32:10","slug":"joukkueet","status":"publish","type":"page","link":"https:\/\/www.oulunsalonvasama.fi\/lentopallo\/joukkueet\/","title":{"rendered":"Joukkueet"},"content":{"rendered":"<h2><strong>Joukkueet kaudella 2025-2026<\/strong><\/h2>\n<hr \/>\n<p style=\"text-align: left;\">T\u00e4lt\u00e4 sivulta l\u00f6yd\u00e4t joukkueiden yhteystiedot. Juniorijoukkueet ottavat koko ajan mukaan uusia pelaajia. Tervetuloa!<\/p>\n<p style=\"text-align: left;\">Lentopallo on edullinen harrastus. Alla on harrastusmaksut (sis. ohjauksen ja seuran j\u00e4senmaksun). Kauden 2025-2026 maksut:<\/p>\n<ul>\n<li>Pallokerho: Vuosimaksu 70 \u20ac<\/li>\n<li>F- ja A-juniorit: Vuosimaksu 190 \u20ac<\/li>\n<li>E-juniorit: Vuosimaksu 220 \u20ac<\/li>\n<li>D-, C- ja B-juniorit: Vuosimaksu 240 \u20ac<\/li>\n<li>Jos perheess\u00e4 useampi kuin yksi lapsi osallistuu toimintaan, vuosimaksu on 330 \u20ac\/perhe.<\/li>\n<\/ul>\n<p style=\"text-align: left;\">Jos pelaaja osallistuu sarjatoimintaan, tarvitaan pelipassi. Pelipassien hinnat l\u00f6ytyv\u00e4t <a href=\"https:\/\/www.lentopalloliitto.fi\/urheilua\/kilpailu\/pelipassit.html\">Lentopalloliiton sivuilta<\/a>. Halutessaan voi tilata seura-asuja. Ne maksavat erikseen.<\/p>\n<hr \/>\n<h2 style=\"text-align: left;\"><strong>Pikkujunnut<\/strong><\/h2>\n<p style=\"text-align: left;\"><strong>Pallokerho\u00a0(alle kouluik\u00e4isille):<br \/>\n<\/strong>Jaana Saarij\u00e4rvi, p. 040 846 9773, jaana.saarijarvi [at] gmail.com<\/p>\n<p style=\"text-align: left;\"><strong>F-junnut (2017 ja my\u00f6h. syntyneet):<\/strong><br \/>\nJani Kuukasj\u00e4rvi, p. 0400 152 479, jani.kuukasjarvi [at] gmail.com<\/p>\n<hr \/>\n<h2 style=\"text-align: left;\"><strong>Tytt\u00f6joukkueet<\/strong><\/h2>\n<p style=\"text-align: left;\"><strong>E-tyt\u00f6t (15-16):<\/strong><br \/>\nJari Pekkala, p. 050 502 4007, jari.pekkala [at] dayton.fi<\/p>\n<p style=\"text-align: left;\"><strong>D-tyt\u00f6t (13-14) ja C-tyt\u00f6t (11-12):<br \/>\n<\/strong>Sami Jussila, p. 040 869 0086, sami.jussila [at] gmail.com<\/p>\n<p style=\"text-align: left;\"><strong>B3-tyt\u00f6t (09-10):<br \/>\n<\/strong>Joukkueenjohtaja: Henna Sainila, p. 041 4620 261, henna.sainila [at] gmail.com<\/p>\n<p style=\"text-align: left;\"><strong>B2-tyt\u00f6t (09-10):<\/strong><br \/>\nJoukkueenjohtaja:<br \/>\nP\u00e4ivi Meripaasi, p. 040 844 5777, paivi.meripaasi [at] gmail.com<\/p>\n<p style=\"text-align: left;\">Valmentajat:<br \/>\nJorma Rajala, p. 050 512 6170, jorma.rajala1 [at] outlook.com<br \/>\nHannu Parkkinen, p. 040 410 9076, hannuparkkinen [at] gmail.com<br \/>\nJari Pekkala, p. 050 502 4007, jari.pekkala [at] dayton.fi<\/p>\n<div style=\"text-align: left;\"><strong><a href=\"https:\/\/www.oulunsalonvasama.fi\/lentopallo\/joukkueet\/osva-leidit\/\">OsVa leidit<\/a> (BT\/AT\/N, naisten 2-sarja):<\/strong><br \/>\nCharles Meyer, p. 050 394 9759, charles [at] osvaleidit.fi<\/div>\n<hr \/>\n<h2 style=\"text-align: left;\"><strong>Poikajoukkueet<\/strong><\/h2>\n<p style=\"text-align: left;\"><strong>E-pojat (15-16):<br \/>\n<\/strong>Antti Haapakoski, p. 040 827 9387, haapakoski.ava [at] gmail.com<\/p>\n<p style=\"text-align: left;\"><strong>D-pojat (13-14):<\/strong><strong><br \/>\n<\/strong>Sari Vallineva, p. 050 562 2530, sari.vallineva [at] gmail.com<\/p>\n<p style=\"text-align: left;\"><strong>C-pojat (11-12):<br \/>\n<\/strong>Petri Taskila, p. 045 636 0608<br \/>\n<a href=\"https:\/\/www.facebook.com\/profile.php?id=61552116530518\" target=\"_blank\" rel=\"noopener\">CP:n Facebook-sivut<\/a><\/p>\n<p style=\"text-align: left;\"><strong>B1-pojat (09-10):<br \/>\n<\/strong>Mika Rajakangas, 050 309 6010, mika.rajakangas [at] gmail.com<\/p>\n<p style=\"text-align: left;\"><strong>B2-pojat (09-10):<br \/>\n<\/strong>Reima Ollila, 050 395 1879, reima.ollila [at] gmail.com<\/p>\n<p style=\"text-align: left;\"><strong>A-pojat (06-08):<br \/>\n<\/strong>Jani Kuukasj\u00e4rvi, 0400 152 479, jani.kuukasjarvi [at] gmail.com<\/p>\n<hr \/>\n<h2 style=\"text-align: left;\"><strong>Aikuisjoukkueet<\/strong><\/h2>\n<p style=\"text-align: left;\"><strong>Aikuisten lentiskoulu vasta-alkajille:<\/strong><br \/>\nLeena Kuukasj\u00e4rvi, p. 050 599 1766, leena.kuukasjarvi [at] gmail.com<\/p>\n<p style=\"text-align: left;\"><strong><a href=\"https:\/\/www.oulunsalonvasama.fi\/lentopallo\/joukkueet\/osva-leidit\/\">OsVa leidit<\/a> (BT\/AT\/N, naisten 2-sarja):<br \/>\n<\/strong>Charles Meyer, p. 050 394 9759, charles [at] osvaleidit.fi<\/p>\n<p style=\"text-align: left;\"><strong>Naiset 2002<\/strong>:<br \/>\nSaara Kittil\u00e4, 040 839 6725<\/p>\n<p style=\"text-align: left;\"><strong>N2018:<\/strong><br \/>\nEevi Karsikas, 040 834 6489, eevi.karsikas [at] hotmail.com<\/p>\n<p style=\"text-align: left;\"><strong>M1, miesten 1-sarja:<br \/>\n<\/strong>Arto Karjalainen, p. 044 569 6181<\/p>\n<p style=\"text-align: left;\"><strong>M2, miesten 2-sarja:<br \/>\n<\/strong>Aki Snellman, p. 044 513 3612<\/p>\n","protected":false},"excerpt":{"rendered":"<p>Joukkueet kaudella 2025-2026 T\u00e4lt\u00e4 sivulta l\u00f6yd\u00e4t joukkueiden yhteystiedot. Juniorijoukkueet ottavat koko ajan mukaan uusia pelaajia. Tervetuloa! Lentopallo on edullinen harrastus. Alla on harrastusmaksut (sis. ohjauksen ja seuran j\u00e4senmaksun). Kauden 2025-2026 maksut: Pallokerho: Vuosimaksu 70 \u20ac F- ja A-juniorit: Vuosimaksu 190 \u20ac E-juniorit: Vuosimaksu 220 \u20ac D-, C- ja B-juniorit: Vuosimaksu 240 \u20ac Jos perheess\u00e4 useampi &#8230; <a title=\"Joukkueet\" class=\"read-more\" href=\"https:\/\/www.oulunsalonvasama.fi\/lentopallo\/joukkueet\/\" aria-label=\"Lue lis\u00e4\u00e4 aiheesta Joukkueet\">Lue lis\u00e4\u00e4<\/a><\/p>\n","protected":false},"author":36,"featured_media":0,"parent":0,"menu_order":2,"comment_status":"closed","ping_status":"closed","template":"","meta":{"footnotes":"","_links_to":"","_links_to_target":""},"class_list":["post-9362","page","type-page","status-publish"],"_links":{"self":[{"href":"https:\/\/www.oulunsalonvasama.fi\/lentopallo\/wp-json\/wp\/v2\/pages\/9362","targetHints":{"allow":["GET"]}}],"collection":[{"href":"https:\/\/www.oulunsalonvasama.fi\/lentopallo\/wp-json\/wp\/v2\/pages"}],"about":[{"href":"https:\/\/www.oulunsalonvasama.fi\/lentopallo\/wp-json\/wp\/v2\/types\/page"}],"author":[{"embeddable":true,"href":"https:\/\/www.oulunsalonvasama.fi\/lentopallo\/wp-json\/wp\/v2\/users\/36"}],"replies":[{"embeddable":true,"href":"https:\/\/www.oulunsalonvasama.fi\/lentopallo\/wp-json\/wp\/v2\/comments?post=9362"}],"version-history":[{"count":81,"href":"https:\/\/www.oulunsalonvasama.fi\/lentopallo\/wp-json\/wp\/v2\/pages\/9362\/revisions"}],"predecessor-version":[{"id":11464,"href":"https:\/\/www.oulunsalonvasama.fi\/lentopallo\/wp-json\/wp\/v2\/pages\/9362\/revisions\/11464"}],"wp:attachment":[{"href":"https:\/\/www.oulunsalonvasama.fi\/lentopallo\/wp-json\/wp\/v2\/media?parent=9362"}],"curies":[{"name":"wp","href":"https:\/\/api.w.org\/{rel}","templated":true}]}}