{"id":9297,"date":"2020-02-10T13:04:01","date_gmt":"2020-02-10T13:04:01","guid":{"rendered":"http:\/\/www.oulunsalonvasama.fi\/lentopallo\/?page_id=9297"},"modified":"2020-10-23T13:38:54","modified_gmt":"2020-10-23T13:38:54","slug":"seuratoimintaopas","status":"publish","type":"page","link":"https:\/\/www.oulunsalonvasama.fi\/lentopallo\/seuratoimintaopas\/","title":{"rendered":"Seuratoimintaopas"},"content":{"rendered":"<h1><strong>Seuratoimintaopas<\/strong><\/h1>\n<h2 style=\"padding-left: 40px;\"><strong>Jaoston organisaatio<\/strong><\/h2>\n<p style=\"padding-left: 80px;\">Puheenjohtaja ja varapuheenjohtaja<\/p>\n<p style=\"padding-left: 80px;\">Sihteeri<\/p>\n<p style=\"padding-left: 80px;\">Rahastonhoitaja<\/p>\n<p style=\"padding-left: 80px;\">Nuorisop\u00e4\u00e4llikk\u00f6<\/p>\n<h2 style=\"padding-left: 40px;\"><strong>Joukkueen organisaatio<\/strong><\/h2>\n<p style=\"padding-left: 80px;\">Joukkueenjohtaja<\/p>\n<p style=\"padding-left: 80px;\">Valmentajat ja apuvalmentajat<\/p>\n<p style=\"padding-left: 80px;\">Rahastonhoitaja<\/p>\n<p style=\"padding-left: 80px;\">Joukkueessa voi olla tarvittaessa muitakin rooleja, esim. talkoovastaava, puffettivastaava yms.<\/p>\n<h2 style=\"padding-left: 40px;\"><strong>Toimintaohjeet<\/strong><\/h2>\n<p style=\"padding-left: 80px;\">Jaoston kirjanpito<\/p>\n<p style=\"padding-left: 80px;\">Lentopalloliiton ohjeet<\/p>\n<p style=\"padding-left: 80px;\">myClub ohjeet<\/p>\n<p style=\"padding-left: 80px;\">Pallon py\u00f6ritystoiminta (Etta)<\/p>\n<p style=\"padding-left: 80px;\">Pelipassit<\/p>\n<p style=\"padding-left: 80px;\">Pelis\u00e4\u00e4ntokeskustelut (T\u00e4htiseura)<\/p>\n<p style=\"padding-left: 80px;\">Sarjaan ilmoittautuminen<\/p>\n<p style=\"padding-left: 80px;\">Seura-asut<\/p>\n<p style=\"padding-left: 80px;\">Tiedottaminen<\/p>\n<p style=\"padding-left: 80px;\">Toimintamaksut<\/p>\n<p style=\"padding-left: 80px;\">Turnaukset<\/p>\n<p style=\"padding-left: 120px;\">\u00a0J\u00e4rjest\u00e4minen<\/p>\n<p style=\"padding-left: 120px;\">Koulujen tilojen k\u00e4ytt\u00f6<\/p>\n<p style=\"padding-left: 120px;\">Osallistuminen vierasturnaukseen<\/p>\n<p style=\"padding-left: 80px;\">Varainhankinta<\/p>\n<p style=\"padding-left: 120px;\">VasamaVolley-talkoot<\/p>\n<p>&nbsp;<\/p>\n<p>&nbsp;<\/p>\n<p>&nbsp;<\/p>\n","protected":false},"excerpt":{"rendered":"<p>Seuratoimintaopas Jaoston organisaatio Puheenjohtaja ja varapuheenjohtaja Sihteeri Rahastonhoitaja Nuorisop\u00e4\u00e4llikk\u00f6 Joukkueen organisaatio Joukkueenjohtaja Valmentajat ja apuvalmentajat Rahastonhoitaja Joukkueessa voi olla tarvittaessa muitakin rooleja, esim. talkoovastaava, puffettivastaava yms. Toimintaohjeet Jaoston kirjanpito Lentopalloliiton ohjeet myClub ohjeet Pallon py\u00f6ritystoiminta (Etta) Pelipassit Pelis\u00e4\u00e4ntokeskustelut (T\u00e4htiseura) Sarjaan ilmoittautuminen Seura-asut Tiedottaminen Toimintamaksut Turnaukset \u00a0J\u00e4rjest\u00e4minen Koulujen tilojen k\u00e4ytt\u00f6 Osallistuminen vierasturnaukseen Varainhankinta VasamaVolley-talkoot &nbsp; &nbsp; &#8230; <a title=\"Seuratoimintaopas\" class=\"read-more\" href=\"https:\/\/www.oulunsalonvasama.fi\/lentopallo\/seuratoimintaopas\/\" aria-label=\"Lue lis\u00e4\u00e4 aiheesta Seuratoimintaopas\">Lue lis\u00e4\u00e4<\/a><\/p>\n","protected":false},"author":36,"featured_media":0,"parent":0,"menu_order":6,"comment_status":"closed","ping_status":"closed","template":"","meta":{"footnotes":"","_links_to":"","_links_to_target":""},"class_list":["post-9297","page","type-page","status-publish"],"_links":{"self":[{"href":"https:\/\/www.oulunsalonvasama.fi\/lentopallo\/wp-json\/wp\/v2\/pages\/9297","targetHints":{"allow":["GET"]}}],"collection":[{"href":"https:\/\/www.oulunsalonvasama.fi\/lentopallo\/wp-json\/wp\/v2\/pages"}],"about":[{"href":"https:\/\/www.oulunsalonvasama.fi\/lentopallo\/wp-json\/wp\/v2\/types\/page"}],"author":[{"embeddable":true,"href":"https:\/\/www.oulunsalonvasama.fi\/lentopallo\/wp-json\/wp\/v2\/users\/36"}],"replies":[{"embeddable":true,"href":"https:\/\/www.oulunsalonvasama.fi\/lentopallo\/wp-json\/wp\/v2\/comments?post=9297"}],"version-history":[{"count":8,"href":"https:\/\/www.oulunsalonvasama.fi\/lentopallo\/wp-json\/wp\/v2\/pages\/9297\/revisions"}],"predecessor-version":[{"id":9494,"href":"https:\/\/www.oulunsalonvasama.fi\/lentopallo\/wp-json\/wp\/v2\/pages\/9297\/revisions\/9494"}],"wp:attachment":[{"href":"https:\/\/www.oulunsalonvasama.fi\/lentopallo\/wp-json\/wp\/v2\/media?parent=9297"}],"curies":[{"name":"wp","href":"https:\/\/api.w.org\/{rel}","templated":true}]}}