{"id":8564,"date":"2025-09-11T05:13:04","date_gmt":"2025-09-11T05:13:04","guid":{"rendered":"http:\/\/www.oulunsalonvasama.fi\/lentopallo\/?page_id=8564"},"modified":"2025-09-11T18:25:55","modified_gmt":"2025-09-11T18:25:55","slug":"pelisysteemit-ja-saannot","status":"publish","type":"page","link":"https:\/\/www.oulunsalonvasama.fi\/lentopallo\/vasama-volley-turnaus\/pelisysteemit-ja-saannot\/","title":{"rendered":"Pelisysteemit ja s\u00e4\u00e4nn\u00f6t"},"content":{"rendered":"<h1><b>PELISYSTEEMIT JA S\u00c4\u00c4NN\u00d6T<\/b><\/h1>\n<p>Kaikissa sarjoissa er\u00e4t pelataan 21 pisteeseen (pistekatto) ja mahdollinen 3. er\u00e4 7 pisteeseen (pistekatto), C-pojilla mahdollinen 5. er\u00e4 7 pisteeseen.<\/p>\n<p>Mini-ik\u00e4iset (E-D-ik\u00e4iset) noudattavat PoSun kauden <a href=\"https:\/\/sivustot.lentopallo.fi\/pohjois-suomi\/kilpailutoiminta\/saannot-ja-sarjamaaraykset\/\" target=\"_blank\" rel=\"noopener\">2025-26 pelis\u00e4\u00e4nt\u00f6j\u00e4<\/a><\/p>\n<p>C- ja B-junnut noudattavat Suomen lentopalloliiton kauden 2025-26 s\u00e4\u00e4nt\u00f6j\u00e4 (<a href=\"https:\/\/junnulentis.fi\/2025\/08\/14\/minisaannot-2025-2026\/#42\" target=\"_blank\" rel=\"noopener\">https:\/\/junnulentis.fi\/2025\/08\/14\/minisaannot-2025-2026\/#42<\/a>).<\/p>\n<p>Joukkueilla on tuomarointi- ja kirjurointivelvollisuus.<\/p>\n<p>Joukkueiden paremmuus m\u00e4\u00e4r\u00e4ytyy seuraavasti:<\/p>\n<ol>\n<li>Isot pisteet (2 p\/voitettu ottelu)<\/li>\n<li>Erien erotus (voitetut miinus h\u00e4vityt er\u00e4t)<\/li>\n<li>Er\u00e4pisteiden erotus (voitettujen er\u00e4pisteiden summa miinus h\u00e4vittyjen summa)<\/li>\n<li>Keskin\u00e4inen ottelu<\/li>\n<li>Arpa<\/li>\n<\/ol>\n<p>Ilmoittautumisten j\u00e4lkeen on yhdistelty sarjoja. Jokaiselle joukkueelle saatiin v\u00e4hint\u00e4\u00e4n 6 peli\u00e4 turnauksessa. N\u00e4et sarja- ja lohkojaot <a href=\"https:\/\/tulospalvelu.sevenbeach.fi\/vasamavolley-2025\/\" target=\"_blank\" rel=\"noopener\">Sevenbeachin tulospalvelusivuilta<\/a>.<\/p>\n<hr \/>\n<h3><strong>E-tyt\u00f6t ja E-pojat, tsemppisarja, F-pojat<\/strong><\/h3>\n<ul>\n<li>3 vs 3 pelaajaa<\/li>\n<li>verkonkorkeus n. 180 cm<\/li>\n<li>vapaa sy\u00f6tt\u00f6, sy\u00f6tt\u00f6raja 5,94 m<\/li>\n<li>vapaa vastaanotto (eli sormillakin saa ottaa vastaan)<\/li>\n<li>triplapallos\u00e4\u00e4nn\u00f6t<\/li>\n<li>yhteinen lohko, jossa molempiin sarjoihin ilmoittautuneet<\/li>\n<li>Molenpien joukkueiden valmentajien niin sopiessa, toinen kosketus saa olla koppi, mutta pyrit\u00e4\u00e4n pelaamaan ilman koppia. Koppis\u00e4\u00e4nn\u00f6n voi ottaa k\u00e4ytt\u00f6\u00f6n, jos peli\u00e4 ei muuten saa aikaiseksi.<\/li>\n<\/ul>\n<h3><strong>E-tyt\u00f6t ja E-pojat, supersarja<\/strong><\/h3>\n<ul>\n<li>3 vs 3 pelaajaa<\/li>\n<li>verkonkorkeus 180 cm<\/li>\n<li>vapaa sy\u00f6tt\u00f6, sy\u00f6tt\u00f6raja 5,94 m<\/li>\n<li>triplapallos\u00e4\u00e4nn\u00f6t<\/li>\n<li>vapaa vastaanotto (eli sormillakin saa ottaa vastaan)<\/li>\n<li>yksi lohkoa, 2-kertainen sarja<\/li>\n<\/ul>\n<h3><strong>D-<\/strong><strong>tyt\u00f6t <\/strong><strong>ja <\/strong><strong>D-pojat<\/strong><strong>, tsemppisarja<\/strong><\/h3>\n<ul>\n<li>3 vs 3 pelaajaa<\/li>\n<li>verkonkorkeus 200 cm<\/li>\n<li>vapaa sy\u00f6tt\u00f6 takarajan takaa<\/li>\n<li>vapaa vastaanotto<\/li>\n<li>triplapallos\u00e4\u00e4nn\u00f6t<\/li>\n<li>kaksi lohkoa<\/li>\n<li>alkusarjan j\u00e4lkeen jatkopelit sijoituksista, kts. tulospalvelusivut<\/li>\n<\/ul>\n<h3><strong>D-tyt\u00f6t ja D-pojat, supersarja<\/strong><\/h3>\n<ul>\n<li>3 vs 3 pelaajaa<\/li>\n<li>verkonkorkeus 200 cm<\/li>\n<li>vapaa sy\u00f6tt\u00f6 takarajan takaa<\/li>\n<li>vapaa vastaanotto<\/li>\n<li>kaksinkertainen kertainen sarja<\/li>\n<\/ul>\n<h3><strong>C-tyt\u00f6t<\/strong><\/h3>\n<ul>\n<li>6 vs 6 pelaajaa<\/li>\n<li>verkonkorkeus 220 cm<\/li>\n<li>vapaa sy\u00f6tt\u00f6 takarajan takaa<\/li>\n<li>vapaa vastaanotto<\/li>\n<li>kaksi lohko<\/li>\n<li>jatkopelit alkusarjasijoitusten perusteella, kts. tulospalvelusivut<\/li>\n<\/ul>\n<h3><strong>C-pojat<\/strong><\/h3>\n<ul>\n<li>6 vs 6 pelaajaa<\/li>\n<li>verkonkorkeus 224 cm<\/li>\n<li>vapaa sy\u00f6tt\u00f6 takarajan takaa<\/li>\n<li>vapaa vastaanotto<\/li>\n<li>yksi lohko<\/li>\n<li>kaksinkertainen sarja, ei jatkopelej\u00e4<\/li>\n<li>kolmen voittoer\u00e4n pelej\u00e4 (peli voi p\u00e4\u00e4tty\u00e4 3-0, 3-1, 3-2)<\/li>\n<\/ul>\n<h3><strong>B-tyt\u00f6t tsemppisarja<\/strong><\/h3>\n<ul>\n<li>6 vs 6 pelaajaa<\/li>\n<li>verkonkorkeus 224 cm<\/li>\n<li>vapaa sy\u00f6tt\u00f6 takarajan takaa<\/li>\n<li>vapaa vastaanotto<\/li>\n<li>kolme lohkoa<\/li>\n<li>jatkopelit alkusarjasijoitusten perusteella, kts. tulospalvelusivut<\/li>\n<\/ul>\n","protected":false},"excerpt":{"rendered":"<p>PELISYSTEEMIT JA S\u00c4\u00c4NN\u00d6T Kaikissa sarjoissa er\u00e4t pelataan 21 pisteeseen (pistekatto) ja mahdollinen 3. er\u00e4 7 pisteeseen (pistekatto), C-pojilla mahdollinen 5. er\u00e4 7 pisteeseen. Mini-ik\u00e4iset (E-D-ik\u00e4iset) noudattavat PoSun kauden 2025-26 pelis\u00e4\u00e4nt\u00f6j\u00e4 C- ja B-junnut noudattavat Suomen lentopalloliiton kauden 2025-26 s\u00e4\u00e4nt\u00f6j\u00e4 (https:\/\/junnulentis.fi\/2025\/08\/14\/minisaannot-2025-2026\/#42). Joukkueilla on tuomarointi- ja kirjurointivelvollisuus. Joukkueiden paremmuus m\u00e4\u00e4r\u00e4ytyy seuraavasti: Isot pisteet (2 p\/voitettu ottelu) Erien &#8230; <a title=\"Pelisysteemit ja s\u00e4\u00e4nn\u00f6t\" class=\"read-more\" href=\"https:\/\/www.oulunsalonvasama.fi\/lentopallo\/vasama-volley-turnaus\/pelisysteemit-ja-saannot\/\" aria-label=\"Lue lis\u00e4\u00e4 aiheesta Pelisysteemit ja s\u00e4\u00e4nn\u00f6t\">Lue lis\u00e4\u00e4<\/a><\/p>\n","protected":false},"author":36,"featured_media":0,"parent":7969,"menu_order":1,"comment_status":"closed","ping_status":"closed","template":"","meta":{"footnotes":"","_links_to":"","_links_to_target":""},"class_list":["post-8564","page","type-page","status-publish"],"_links":{"self":[{"href":"https:\/\/www.oulunsalonvasama.fi\/lentopallo\/wp-json\/wp\/v2\/pages\/8564","targetHints":{"allow":["GET"]}}],"collection":[{"href":"https:\/\/www.oulunsalonvasama.fi\/lentopallo\/wp-json\/wp\/v2\/pages"}],"about":[{"href":"https:\/\/www.oulunsalonvasama.fi\/lentopallo\/wp-json\/wp\/v2\/types\/page"}],"author":[{"embeddable":true,"href":"https:\/\/www.oulunsalonvasama.fi\/lentopallo\/wp-json\/wp\/v2\/users\/36"}],"replies":[{"embeddable":true,"href":"https:\/\/www.oulunsalonvasama.fi\/lentopallo\/wp-json\/wp\/v2\/comments?post=8564"}],"version-history":[{"count":54,"href":"https:\/\/www.oulunsalonvasama.fi\/lentopallo\/wp-json\/wp\/v2\/pages\/8564\/revisions"}],"predecessor-version":[{"id":11592,"href":"https:\/\/www.oulunsalonvasama.fi\/lentopallo\/wp-json\/wp\/v2\/pages\/8564\/revisions\/11592"}],"up":[{"embeddable":true,"href":"https:\/\/www.oulunsalonvasama.fi\/lentopallo\/wp-json\/wp\/v2\/pages\/7969"}],"wp:attachment":[{"href":"https:\/\/www.oulunsalonvasama.fi\/lentopallo\/wp-json\/wp\/v2\/media?parent=8564"}],"curies":[{"name":"wp","href":"https:\/\/api.w.org\/{rel}","templated":true}]}}