{"id":8390,"date":"2018-04-02T19:58:31","date_gmt":"2018-04-02T19:58:31","guid":{"rendered":"http:\/\/www.oulunsalonvasama.fi\/lentopallo\/?page_id=8390"},"modified":"2018-04-09T14:15:34","modified_gmt":"2018-04-09T14:15:34","slug":"f-juniorit","status":"publish","type":"page","link":"https:\/\/www.oulunsalonvasama.fi\/lentopallo\/edelliset-kaudet\/kausi-2017-2018\/f-juniorit\/","title":{"rendered":"F-juniorit"},"content":{"rendered":"<div>Joukkueessa pelaa vuonna 2009 ja my\u00f6hemmin syntyneit\u00e4 tytt\u00f6j\u00e4 ja poikia.<\/div>\n<h2><\/h2>\n<h3>Toimihenkil\u00f6t<\/h3>\n<div><strong>Joukkueen vastuuvalmentajat:<\/strong><\/div>\n<div>Timo Jokinen, timo.ta.jokinen [at] gmail.com, puh. 050-487 2861<\/div>\n<div>Kimmo Aaltonen, kimmoaaltonen [at] hotmail.fi, puh. 0440-895 089<\/div>\n<div>Reima Ollila ollilat [at] live.fi, puh. 050-395 1879<\/div>\n<div><\/div>\n<div><strong>Rahastonhoitaja:<\/strong><\/div>\n<div>Anna-Liisa Remes<\/div>\n<h2><\/h2>\n<h3>Harjoitusvuorot<\/h3>\n<ul>\n<li>Maanantaisin klo 17:00-18:30, Niemenrannan koulu<\/li>\n<li>Keskiviikkoisin klo 18:15-19:15, Niemenrannan koulu<\/li>\n<\/ul>\n","protected":false},"excerpt":{"rendered":"<p>Joukkueessa pelaa vuonna 2009 ja my\u00f6hemmin syntyneit\u00e4 tytt\u00f6j\u00e4 ja poikia. Toimihenkil\u00f6t Joukkueen vastuuvalmentajat: Timo Jokinen, timo.ta.jokinen [at] gmail.com, puh. 050-487 2861 Kimmo Aaltonen, kimmoaaltonen [at] hotmail.fi, puh. 0440-895 089 Reima Ollila ollilat [at] live.fi, puh. 050-395 1879 Rahastonhoitaja: Anna-Liisa Remes Harjoitusvuorot Maanantaisin klo 17:00-18:30, Niemenrannan koulu Keskiviikkoisin klo 18:15-19:15, Niemenrannan koulu<\/p>\n","protected":false},"author":36,"featured_media":0,"parent":724,"menu_order":1,"comment_status":"closed","ping_status":"closed","template":"","meta":{"footnotes":"","_links_to":"","_links_to_target":""},"class_list":["post-8390","page","type-page","status-publish"],"_links":{"self":[{"href":"https:\/\/www.oulunsalonvasama.fi\/lentopallo\/wp-json\/wp\/v2\/pages\/8390","targetHints":{"allow":["GET"]}}],"collection":[{"href":"https:\/\/www.oulunsalonvasama.fi\/lentopallo\/wp-json\/wp\/v2\/pages"}],"about":[{"href":"https:\/\/www.oulunsalonvasama.fi\/lentopallo\/wp-json\/wp\/v2\/types\/page"}],"author":[{"embeddable":true,"href":"https:\/\/www.oulunsalonvasama.fi\/lentopallo\/wp-json\/wp\/v2\/users\/36"}],"replies":[{"embeddable":true,"href":"https:\/\/www.oulunsalonvasama.fi\/lentopallo\/wp-json\/wp\/v2\/comments?post=8390"}],"version-history":[{"count":5,"href":"https:\/\/www.oulunsalonvasama.fi\/lentopallo\/wp-json\/wp\/v2\/pages\/8390\/revisions"}],"predecessor-version":[{"id":8444,"href":"https:\/\/www.oulunsalonvasama.fi\/lentopallo\/wp-json\/wp\/v2\/pages\/8390\/revisions\/8444"}],"up":[{"embeddable":true,"href":"https:\/\/www.oulunsalonvasama.fi\/lentopallo\/wp-json\/wp\/v2\/pages\/724"}],"wp:attachment":[{"href":"https:\/\/www.oulunsalonvasama.fi\/lentopallo\/wp-json\/wp\/v2\/media?parent=8390"}],"curies":[{"name":"wp","href":"https:\/\/api.w.org\/{rel}","templated":true}]}}