{"id":82,"date":"2006-07-08T10:30:34","date_gmt":"2006-07-08T10:30:34","guid":{"rendered":""},"modified":"2010-08-15T11:08:13","modified_gmt":"2010-08-15T11:08:13","slug":"e_tytot","status":"publish","type":"page","link":"https:\/\/www.oulunsalonvasama.fi\/lentopallo\/edelliset-kaudet\/kausi-2003-2004\/e_tytot\/","title":{"rendered":"E-tyt\u00f6t"},"content":{"rendered":"<h1>E-tyt\u00f6t (synt. 1993-) 2003-2004<\/h1>\n<h2>E-tyt\u00f6t I  (synt. 1993-)<\/h2>\n<p><img loading=\"lazy\" decoding=\"async\" src=\"\/lentopallo\/tiedostot\/ET1_Joukkuekuva_2003-2004.JPG\" border=\"0\" width=\"450\" height=\"319\" alt=\"ET1 kaudella 2003-2004\"><\/p>\n<p>E-Tyt\u00f6t 1 kaudella 2003-2004: ylh. v. Risto Kylm\u00e4aho, Terho Korkiakoski, Sara Salo ja Reijo Sarpola, alh. v. Katja Kylm\u00e4aho, Hanna Palosaari, Minttu Korkiakoski, Jenna Sarpola, Essi Martinm\u00e4ki ja Alisa Pyrr\u00f6.<\/p>\n<p>HARJOITUKSET:<\/p>\n<ul>\n<li>keskiviikkoisin klo 17:00-18:30 Kirkonkyl\u00e4n koululla, 1\/3 salia<\/li>\n<li>sunnuntaisin klo 15:30-17:00 Kirkonkyl\u00e4n koululla, 1\/2 salia<\/li>\n<\/ul>\n<p>ORGANISAATIO:<\/p>\n<ul>\n<li>Joukkuejohtaja: Risto Kylm\u00e4aho, puh.040-7099168 <\/li>\n<p><\/p>\n<li>Valmentaja: Terho Korkiakoski, puh. 040-8354 407 <\/li>\n<li>Apuvalmentajat: Risto Kylm\u00e4aho, Reijo Sarpola ja Eija Raninen <\/li>\n<li>Rahastonhoitajat: Jaana Martinm\u00e4ki ja Saara Kittil\u00e4 <\/li>\n<li>Puffettivastaavat: Anni Pyrr\u00f6 ja Eija Raninen <\/li>\n<\/ul>\n<h2>E-tyt\u00f6t II (synt. 1993-) <\/h2>\n<p><img loading=\"lazy\" decoding=\"async\" src=\"\/lentopallo\/tiedostot\/2004_ET2_Joukkuekuva.JPG\" border=\"0\" width=\"450\" height=\"319\" alt=\"ET2 syksyll\u00e4 2003 ennen sarjakautta omassa Syysturnauksessa\"><\/p>\n<p>E-Tyt\u00f6t 2 kaudella 2003-2004: ylh. v. Veera Virolainen, Laura M\u00e4\u00e4tt\u00e4, Henna Hekkala, Tiia-Mari Ollila ja Saara Kittil\u00e4, alh. v. Vilhelmiina L\u00e4ms\u00e4, Sara Rekil\u00e4 ja Riina Kittil\u00e4. Syyskaudella mukana oli my\u00f6s Noora Moisanen (ei kuvassa) ja kev\u00e4tkaudella harjoittelemassa Laura Rontu (ei kuvassa).<\/p>\n<p>HARJOITUKSET:<\/p>\n<ul>\n<li>maanantaisin klo 18:00-19:30 Kirkonkyl\u00e4n koululla, 1\/2 salia<\/li>\n<li>torstaisin klo 17:00-18:30 Kirkonkyl\u00e4n koululla, 1\/3 salia<\/li>\n<\/ul>\n<p>ORGANISAATIO:<\/p>\n<ul>\n<li>Joukkuejohtaja ja valmentaja: Saara Kittil\u00e4, puh. 040-8393 720<\/li>\n<li>Apuvalmentaja: Veera Virolainen puh. 050-3204 368 <\/li>\n<li>Rahastonhoitajat: Jaana Martinm\u00e4ki ja Saara Kittil\u00e4 <\/li>\n<li>Puffettivastaavat: Anu Ollila ja Sinikka Haverinen <\/li>\n<\/ul>\n<h2>E-tyt\u00f6t III  (synt. 1994-)<\/h2>\n<p><img loading=\"lazy\" decoding=\"async\" src=\"\/lentopallo\/tiedostot\/2004_ET3_Joukkuekuva.JPG\" border=\"0\" width=\"450\" height=\"319\" alt=\"ET3 syksyll\u00e4 2003 ennen sarjakautta omassa Syysturnauksessa\"><\/p>\n<p>E-Tyt\u00f6t 3 kaudella 2003-2004: ylh. v. Jarmo Apell, Ira Salo ja Jari Longi, alh. v. Minna Korhonen, Suvi Aalto, Mari Laikola, Anna Nurmivuori, Viivi Longi ja Essi Apell.<\/p>\n<p>HARJOITUKSET:<\/p>\n<ul>\n<li>keskiviikkoisin klo 17:00-18:30 Kirkonkyl\u00e4n koululla, 1\/3 salia<\/li>\n<li>sunnuntaisin klo 14:00-15:30 Kirkonkyl\u00e4n koululla, 1\/2 salia<\/li>\n<\/ul>\n<p>ORGANISAATIO:<\/p>\n<ul>\n<li>Joukkuejohtaja: Jarmo Apell, puh. 040 &#8211; 5733 285  <\/li>\n<li>Valmentaja: Jari Longi, puh. 040-7302 826 <\/li>\n<li>Apuvalmentaja: Jarmo Apell <\/li>\n<li>Rahastonhoitaja: Marjut Nurmivuori, puh. 050-3886 987 <\/li>\n<li>Puffettivastaava: Taina Aalto <\/li>\n<\/ul>\n","protected":false},"excerpt":{"rendered":"<p>E-tyt\u00f6t (synt. 1993-) 2003-2004 E-tyt\u00f6t I (synt. 1993-) E-Tyt\u00f6t 1 kaudella 2003-2004: ylh. v. Risto Kylm\u00e4aho, Terho Korkiakoski, Sara Salo ja Reijo Sarpola, alh. v. Katja Kylm\u00e4aho, Hanna Palosaari, Minttu Korkiakoski, Jenna Sarpola, Essi Martinm\u00e4ki ja Alisa Pyrr\u00f6. HARJOITUKSET: keskiviikkoisin klo 17:00-18:30 Kirkonkyl\u00e4n koululla, 1\/3 salia sunnuntaisin klo 15:30-17:00 Kirkonkyl\u00e4n koululla, 1\/2 salia ORGANISAATIO: Joukkuejohtaja: &#8230; <a title=\"E-tyt\u00f6t\" class=\"read-more\" href=\"https:\/\/www.oulunsalonvasama.fi\/lentopallo\/edelliset-kaudet\/kausi-2003-2004\/e_tytot\/\" aria-label=\"Lue lis\u00e4\u00e4 aiheesta E-tyt\u00f6t\">Lue lis\u00e4\u00e4<\/a><\/p>\n","protected":false},"author":1,"featured_media":0,"parent":103,"menu_order":15,"comment_status":"open","ping_status":"open","template":"","meta":{"footnotes":"","_links_to":"","_links_to_target":""},"class_list":["post-82","page","type-page","status-publish"],"_links":{"self":[{"href":"https:\/\/www.oulunsalonvasama.fi\/lentopallo\/wp-json\/wp\/v2\/pages\/82","targetHints":{"allow":["GET"]}}],"collection":[{"href":"https:\/\/www.oulunsalonvasama.fi\/lentopallo\/wp-json\/wp\/v2\/pages"}],"about":[{"href":"https:\/\/www.oulunsalonvasama.fi\/lentopallo\/wp-json\/wp\/v2\/types\/page"}],"author":[{"embeddable":true,"href":"https:\/\/www.oulunsalonvasama.fi\/lentopallo\/wp-json\/wp\/v2\/users\/1"}],"replies":[{"embeddable":true,"href":"https:\/\/www.oulunsalonvasama.fi\/lentopallo\/wp-json\/wp\/v2\/comments?post=82"}],"version-history":[{"count":3,"href":"https:\/\/www.oulunsalonvasama.fi\/lentopallo\/wp-json\/wp\/v2\/pages\/82\/revisions"}],"predecessor-version":[{"id":2152,"href":"https:\/\/www.oulunsalonvasama.fi\/lentopallo\/wp-json\/wp\/v2\/pages\/82\/revisions\/2152"}],"up":[{"embeddable":true,"href":"https:\/\/www.oulunsalonvasama.fi\/lentopallo\/wp-json\/wp\/v2\/pages\/103"}],"wp:attachment":[{"href":"https:\/\/www.oulunsalonvasama.fi\/lentopallo\/wp-json\/wp\/v2\/media?parent=82"}],"curies":[{"name":"wp","href":"https:\/\/api.w.org\/{rel}","templated":true}]}}