{"id":7393,"date":"2016-07-01T15:25:35","date_gmt":"2016-07-01T15:25:35","guid":{"rendered":"http:\/\/www.oulunsalonvasama.fi\/lentopallo\/?page_id=7393"},"modified":"2022-06-20T06:46:22","modified_gmt":"2022-06-20T06:46:22","slug":"kausi-2015-2016","status":"publish","type":"page","link":"https:\/\/www.oulunsalonvasama.fi\/lentopallo\/edelliset-kaudet\/kausi-2015-2016\/","title":{"rendered":"kausi-2015-2016"},"content":{"rendered":"<h2><strong>Joukkueet kaudella 2015-2016<\/strong><\/h2>\n<p>&nbsp;<\/p>\n<p><strong><a href=\"https:\/\/www.oulunsalonvasama.fi\/lentopallo\/edelliset-kaudet\/kausi-2014-2015\/pallokerho\/\">Pallokerho<\/a><\/strong>:<br \/>\nKristiina Valtanen<\/p>\n<p><strong><a href=\"https:\/\/www.oulunsalonvasama.fi\/lentopallo\/edelliset-kaudet\/kausi-2014-2015\/f-juniorit\/\">F-juniorit<\/a><\/strong><a href=\"https:\/\/www.oulunsalonvasama.fi\/lentopallo\/joukkueet\/f-juniorit\/\">:<\/a><br \/>\ntyt\u00f6t: \u00a0Leena Kuukasj\u00e4rvi,\u00a0 050-5991 766<br \/>\npojat: Jani Kuukasj\u00e4rvi, 0400-152 479, jani.kuukasjarvi[at]gmail.com<\/p>\n<p>&nbsp;<\/p>\n<p><strong>Tytt\u00f6joukkueet:<br \/>\n<\/strong><\/p>\n<p><a href=\"https:\/\/www.oulunsalonvasama.fi\/lentopallo\/edelliset-kaudet\/kausi-2014-2015\/e-tytot06-07\/\"><strong>E-Tyt\u00f6t(06-07)<\/strong>:<\/a><br \/>\nJarno Valtanen<\/p>\n<p><a href=\"https:\/\/www.oulunsalonvasama.fi\/lentopallo\/edelliset-kaudet\/kausi-2014-2015\/e-tytot05\/\"><strong>E-Tyt\u00f6t(05)<\/strong>:<\/a><br \/>\nJani M\u00e4ntyj\u00e4rvi, 040-519 1361\u00a0\u00a0jani.mantyjarvi [at] gmail.com<\/p>\n<p><strong><a href=\"https:\/\/www.oulunsalonvasama.fi\/lentopallo\/edelliset-kaudet\/kausi-2014-2015\/d-tytot03-04\/\">D-Tyt\u00f6t\u00a0(03-04)<\/a>:<br \/>\n<\/strong>Jarno Valtanen<br \/>\nEeva Lilja<\/p>\n<p><a href=\"https:\/\/www.oulunsalonvasama.fi\/lentopallo\/edelliset-kaudet\/kausi-2015-2016\/c-tytot\/\"><strong>C-tyt\u00f6t<\/strong>:<\/a><br \/>\nTapio Helanen, 040-0440 092, tapio.helanen[at]lounastuote.com<\/p>\n<p><strong><a href=\"https:\/\/www.oulunsalonvasama.fi\/lentopallo\/joukkueet\/edelliset-kaudet\/kausi-2015-2016\/b-tytot\/\">B-tyt\u00f6t<\/a>:<br \/>\n<\/strong>Jari Longi, 040-5021 734, jari.longi@dnainternet.net<\/p>\n<p><a href=\"https:\/\/www.oulunsalonvasama.fi\/lentopallo\/edelliset-kaudet\/kausi-2014-2015\/a-tytot\">A-tyt\u00f6t<\/a>:<br \/>\nMikko Pietil\u00e4, mikko.pietila [at] eduouka.fi<\/p>\n<p><strong><a href=\"https:\/\/www.oulunsalonvasama.fi\/lentopallo\/joukkueet\/edelliset-kaudet\/kausi-2014-2015\/n15\/\">N15<\/a><\/strong>:<br \/>\nAli Pietil\u00e4inen,\u00a0 0400-876 775<\/p>\n<p>&nbsp;<\/p>\n<p><strong>Poikajoukkueet:<\/strong><\/p>\n<p><strong><a href=\"https:\/\/www.oulunsalonvasama.fi\/lentopallo\/joukkueet\/edelliset-kaudet\/kausi-2014-2015\/d-pojat04\/\">D-pojat(04)<\/a><a href=\"https:\/\/www.oulunsalonvasama.fi\/lentopallo\/joukkueet\/e-pojat\/\">:<\/a><br \/>\n<\/strong>Timo Jokinen, 050 4872861, <span class=\"gI\"><span class=\"go\">timo.ta.jokinen [at] gmail.com<\/span><\/span><\/p>\n<p><strong><a href=\"https:\/\/www.oulunsalonvasama.fi\/lentopallo\/joukkueet\/edelliset-kaudet\/kausi-2014-2015\/d-pojat03\/\">D-pojat(03)<\/a>:<\/strong><br \/>\nJorma Rajala 050-5126 170<br \/>\nKimmo Aaltonen 044-0895 089<\/p>\n<p><strong><a href=\"https:\/\/www.oulunsalonvasama.fi\/lentopallo\/joukkueet\/edelliset-kaudet\/kausi-2014-2015\/a-pojat\">A-pojat:<\/a><br \/>\n<\/strong>Kari Sepp\u00e4, 050-3886 998,\u00a0kari.seppa[at]edu.oulunsalo.fi<\/p>\n<p><strong>Aikuisjoukkueet:<\/strong><\/p>\n<p><strong>Naiset 2002<\/strong>:<br \/>\nSaara Kittil\u00e4, <span class=\"baec5a81-e4d6-4674-97f3-e9220f0136c1\">040-839 6725<\/span><\/p>\n<p><strong>N100:<br \/>\n<\/strong>Leila Raitanen, 040-5592 803,\u00a0leila.raitanen[at]saunalahti.fi<\/p>\n<p><strong>Npallohukassa:<br \/>\n<\/strong>Eero Heikkinen, 046-6657 905<\/p>\n<p><strong>M2+vet<\/strong>:<br \/>\nMatti Rajala, 050-3279 486<\/p>\n","protected":false},"excerpt":{"rendered":"<p>Joukkueet kaudella 2015-2016 &nbsp; Pallokerho: Kristiina Valtanen F-juniorit: tyt\u00f6t: \u00a0Leena Kuukasj\u00e4rvi,\u00a0 050-5991 766 pojat: Jani Kuukasj\u00e4rvi, 0400-152 479, jani.kuukasjarvi[at]gmail.com &nbsp; Tytt\u00f6joukkueet: E-Tyt\u00f6t(06-07): Jarno Valtanen E-Tyt\u00f6t(05): Jani M\u00e4ntyj\u00e4rvi, 040-519 1361\u00a0\u00a0jani.mantyjarvi [at] gmail.com D-Tyt\u00f6t\u00a0(03-04): Jarno Valtanen Eeva Lilja C-tyt\u00f6t: Tapio Helanen, 040-0440 092, tapio.helanen[at]lounastuote.com B-tyt\u00f6t: Jari Longi, 040-5021 734, jari.longi@dnainternet.net A-tyt\u00f6t: Mikko Pietil\u00e4, mikko.pietila [at] eduouka.fi N15: &#8230; <a title=\"kausi-2015-2016\" class=\"read-more\" href=\"https:\/\/www.oulunsalonvasama.fi\/lentopallo\/edelliset-kaudet\/kausi-2015-2016\/\" aria-label=\"Lue lis\u00e4\u00e4 aiheesta kausi-2015-2016\">Lue lis\u00e4\u00e4<\/a><\/p>\n","protected":false},"author":36,"featured_media":0,"parent":2069,"menu_order":13,"comment_status":"closed","ping_status":"closed","template":"","meta":{"footnotes":"","_links_to":"","_links_to_target":""},"class_list":["post-7393","page","type-page","status-publish"],"_links":{"self":[{"href":"https:\/\/www.oulunsalonvasama.fi\/lentopallo\/wp-json\/wp\/v2\/pages\/7393","targetHints":{"allow":["GET"]}}],"collection":[{"href":"https:\/\/www.oulunsalonvasama.fi\/lentopallo\/wp-json\/wp\/v2\/pages"}],"about":[{"href":"https:\/\/www.oulunsalonvasama.fi\/lentopallo\/wp-json\/wp\/v2\/types\/page"}],"author":[{"embeddable":true,"href":"https:\/\/www.oulunsalonvasama.fi\/lentopallo\/wp-json\/wp\/v2\/users\/36"}],"replies":[{"embeddable":true,"href":"https:\/\/www.oulunsalonvasama.fi\/lentopallo\/wp-json\/wp\/v2\/comments?post=7393"}],"version-history":[{"count":6,"href":"https:\/\/www.oulunsalonvasama.fi\/lentopallo\/wp-json\/wp\/v2\/pages\/7393\/revisions"}],"predecessor-version":[{"id":9838,"href":"https:\/\/www.oulunsalonvasama.fi\/lentopallo\/wp-json\/wp\/v2\/pages\/7393\/revisions\/9838"}],"up":[{"embeddable":true,"href":"https:\/\/www.oulunsalonvasama.fi\/lentopallo\/wp-json\/wp\/v2\/pages\/2069"}],"wp:attachment":[{"href":"https:\/\/www.oulunsalonvasama.fi\/lentopallo\/wp-json\/wp\/v2\/media?parent=7393"}],"curies":[{"name":"wp","href":"https:\/\/api.w.org\/{rel}","templated":true}]}}