{"id":6336,"date":"2014-11-23T15:06:02","date_gmt":"2014-11-23T15:06:02","guid":{"rendered":"http:\/\/www.oulunsalonvasama.fi\/lentopallo\/?page_id=6336"},"modified":"2015-06-17T18:22:40","modified_gmt":"2015-06-17T18:22:40","slug":"c-tytot","status":"publish","type":"page","link":"https:\/\/www.oulunsalonvasama.fi\/lentopallo\/edelliset-kaudet\/kausi-2014-2015\/c-tytot\/","title":{"rendered":"C-tyt\u00f6t"},"content":{"rendered":"<h2><strong>C-tyt\u00f6t kaudella 2014-2015<\/strong><\/h2>\n<p>Joukkueessa\u00a0pelaa 00-01 syntyneit\u00e4 tytt\u00f6j\u00e4. Joukkue osallistui kauden aikana C-tytt\u00f6jen sarjatoimintaan ja Power Cup:iin.<\/p>\n<p><img loading=\"lazy\" decoding=\"async\" class=\"alignnone wp-image-6345 size-medium\" src=\"https:\/\/www.oulunsalonvasama.fi\/lentopallo\/wp-content\/uploads\/2014\/11\/CT-nettiin-300x199.jpg\" alt=\"\" width=\"300\" height=\"199\" srcset=\"https:\/\/www.oulunsalonvasama.fi\/lentopallo\/wp-content\/uploads\/2014\/11\/CT-nettiin-300x199.jpg 300w, https:\/\/www.oulunsalonvasama.fi\/lentopallo\/wp-content\/uploads\/2014\/11\/CT-nettiin-1024x682.jpg 1024w, https:\/\/www.oulunsalonvasama.fi\/lentopallo\/wp-content\/uploads\/2014\/11\/CT-nettiin.jpg 2000w\" sizes=\"auto, (max-width: 300px) 100vw, 300px\" \/><\/p>\n<p><strong>Harjoitusajat ja Kalenteri<br \/>\n<\/strong><a href=\"http:\/\/osvatytot01.nimenhuuto.com\/?auto_redirect=false\">Nimenhuuto<\/a><strong><br \/>\n<\/strong><\/p>\n<p style=\"text-align: left;\"><strong>Organisaatio<\/strong><br \/>\nValmentaja \u00a0 \u00a0 \u00a0 \u00a0 \u00a0 \u00a0 Pirjo Pietil\u00e4inen<br \/>\nValmentaja\u00a0\u00a0 \u00a0 \u00a0 \u00a0 \u00a0 \u00a0 Ali Pietil\u00e4inen<br \/>\nJoukkueenjohtaja\u00a0 Tapio Helanen<\/p>\n<p><strong>Pelaajat<\/strong><br \/>\n2 Anna Karjalainen<br \/>\n3 Assi Suvanto<br \/>\n4 Angelica Silvamaa<br \/>\n6 Miia Pietil\u00e4inen<br \/>\n7 Marjaana Piilola<br \/>\n8 Helmi-Maria Valtanen<br \/>\n9 Maria Paukkeri<br \/>\n10 Ninni Nevalainen<br \/>\n14 Johanna Kortelainen<br \/>\n15 Piia Helanen<br \/>\n16 Ida Junnila<br \/>\n17 Henna Tuohimaa<br \/>\n18 Carla Kleemola<\/p>\n<p>&nbsp;<\/p>\n","protected":false},"excerpt":{"rendered":"<p>C-tyt\u00f6t kaudella 2014-2015 Joukkueessa\u00a0pelaa 00-01 syntyneit\u00e4 tytt\u00f6j\u00e4. Joukkue osallistui kauden aikana C-tytt\u00f6jen sarjatoimintaan ja Power Cup:iin. Harjoitusajat ja Kalenteri Nimenhuuto Organisaatio Valmentaja \u00a0 \u00a0 \u00a0 \u00a0 \u00a0 \u00a0 Pirjo Pietil\u00e4inen Valmentaja\u00a0\u00a0 \u00a0 \u00a0 \u00a0 \u00a0 \u00a0 Ali Pietil\u00e4inen Joukkueenjohtaja\u00a0 Tapio Helanen Pelaajat 2 Anna Karjalainen 3 Assi Suvanto 4 Angelica Silvamaa 6 Miia Pietil\u00e4inen 7 &#8230; <a title=\"C-tyt\u00f6t\" class=\"read-more\" href=\"https:\/\/www.oulunsalonvasama.fi\/lentopallo\/edelliset-kaudet\/kausi-2014-2015\/c-tytot\/\" aria-label=\"Lue lis\u00e4\u00e4 aiheesta C-tyt\u00f6t\">Lue lis\u00e4\u00e4<\/a><\/p>\n","protected":false},"author":36,"featured_media":0,"parent":6670,"menu_order":6,"comment_status":"closed","ping_status":"open","template":"","meta":{"footnotes":"","_links_to":"","_links_to_target":""},"class_list":["post-6336","page","type-page","status-publish"],"_links":{"self":[{"href":"https:\/\/www.oulunsalonvasama.fi\/lentopallo\/wp-json\/wp\/v2\/pages\/6336","targetHints":{"allow":["GET"]}}],"collection":[{"href":"https:\/\/www.oulunsalonvasama.fi\/lentopallo\/wp-json\/wp\/v2\/pages"}],"about":[{"href":"https:\/\/www.oulunsalonvasama.fi\/lentopallo\/wp-json\/wp\/v2\/types\/page"}],"author":[{"embeddable":true,"href":"https:\/\/www.oulunsalonvasama.fi\/lentopallo\/wp-json\/wp\/v2\/users\/36"}],"replies":[{"embeddable":true,"href":"https:\/\/www.oulunsalonvasama.fi\/lentopallo\/wp-json\/wp\/v2\/comments?post=6336"}],"version-history":[{"count":15,"href":"https:\/\/www.oulunsalonvasama.fi\/lentopallo\/wp-json\/wp\/v2\/pages\/6336\/revisions"}],"predecessor-version":[{"id":6711,"href":"https:\/\/www.oulunsalonvasama.fi\/lentopallo\/wp-json\/wp\/v2\/pages\/6336\/revisions\/6711"}],"up":[{"embeddable":true,"href":"https:\/\/www.oulunsalonvasama.fi\/lentopallo\/wp-json\/wp\/v2\/pages\/6670"}],"wp:attachment":[{"href":"https:\/\/www.oulunsalonvasama.fi\/lentopallo\/wp-json\/wp\/v2\/media?parent=6336"}],"curies":[{"name":"wp","href":"https:\/\/api.w.org\/{rel}","templated":true}]}}