{"id":6260,"date":"2014-10-18T11:42:13","date_gmt":"2014-10-18T11:42:13","guid":{"rendered":"http:\/\/www.oulunsalonvasama.fi\/lentopallo\/?page_id=6260"},"modified":"2015-06-17T18:23:12","modified_gmt":"2015-06-17T18:23:12","slug":"d-pojat","status":"publish","type":"page","link":"https:\/\/www.oulunsalonvasama.fi\/lentopallo\/edelliset-kaudet\/kausi-2014-2015\/d-pojat\/","title":{"rendered":"D-pojat"},"content":{"rendered":"<p><span style=\"font-size: large;\"><span style=\"color: #666666;\"><b>D-pojat kaudella 2014-2015<\/b><\/span><\/span><\/p>\n<p><span style=\"font-size: small;\"><span style=\"color: #222222;\">Joukkueessa\u00a0pelaa v. 2002 ja 2003 syntyneit\u00e4 poikia, jotka osallistuvat syyskauden aikana D-ik\u00e4isten tiikerisarjaan kahdella joukkueella. Kev\u00e4tkaudella ilmoitettaneen yksi joukkue aluesarjaan ja toinen joukkue jatkaa tiikerisarjassa. D-pojat harjoittelevat yhdess\u00e4 C-poikien kanssa.<\/span><\/span><\/p>\n<p><span style=\"color: #222222;\"><span style=\"font-size: small;\"><b>Organisaatio<\/b><\/span><\/span><span style=\"color: #222222;\"><span style=\"font-size: medium;\"><br \/>\n<\/span><\/span><span style=\"color: #222222;\"><span style=\"font-size: small;\">P\u00e4\u00e4valmentaja Jorma Rajala, 050-5126170, jormarajala(at)oulunsalonvasama.fi<br \/>\nApuvalmentaja Olli Lahtinen (C-poikien p\u00e4\u00e4valmentaja)<br \/>\nApuvalmentaja Juha Jokitulppo<br \/>\nJoukkueenjohtaja Kimmo Aaltonen, 044-0895089, kimmoaaltonen(at)oulunsalonvasama.fi<br \/>\nRahastonhoitaja Laura Junttila, laura.junttila(at)liminka.fi<\/span><\/span><\/p>\n<p><span style=\"color: #222222;\"><span style=\"font-size: small;\"><b>Harjoitukset Niemenrannan koululla<\/b><\/span><\/span><span style=\"color: #222222;\"><span style=\"font-size: medium;\"><b><br \/>\n<\/b><\/span><\/span><span style=\"color: #222222;\"><span style=\"font-size: small;\">Maanantaisin klo 18.30 \u2013 20.00<br \/>\nTiistaisin klo 18.30 \u2013 20.00<br \/>\nPerjantaisin klo 18.30 \u2013 20.00<br \/>\nSunnuntaisin klo 18.00 \u2013 19.30<\/span><\/span><span style=\"color: #222222;\"><span style=\"font-size: medium;\"><br \/>\n<\/span><\/span><span style=\"color: #222222;\"><span style=\"font-size: medium;\"><b><br \/>\n<\/b><\/span><\/span><span style=\"color: #222222;\"><span style=\"font-size: small;\"><b>Pelaajat<\/b><\/span><\/span><span style=\"color: #222222;\"><span style=\"font-size: medium;\"><b><br \/>\n<\/b><\/span><\/span><span style=\"font-size: small;\">1 Oskari Aaltonen<br \/>\n2 Jussi J\u00e4ntti<br \/>\n4 Antti Jokitulppo<br \/>\n6 Joona Granlund<br \/>\n7 Tuukka Junttila<br \/>\n8 Eetu Pellikka<br \/>\n10 Atte Haapalainen<br \/>\n11 Kalle Korpela<br \/>\n13 Jani-Matti Laasonen<br \/>\n15 Kimi Tuohimaa <\/span><\/p>\n","protected":false},"excerpt":{"rendered":"<p>D-pojat kaudella 2014-2015 Joukkueessa\u00a0pelaa v. 2002 ja 2003 syntyneit\u00e4 poikia, jotka osallistuvat syyskauden aikana D-ik\u00e4isten tiikerisarjaan kahdella joukkueella. Kev\u00e4tkaudella ilmoitettaneen yksi joukkue aluesarjaan ja toinen joukkue jatkaa tiikerisarjassa. D-pojat harjoittelevat yhdess\u00e4 C-poikien kanssa. Organisaatio P\u00e4\u00e4valmentaja Jorma Rajala, 050-5126170, jormarajala(at)oulunsalonvasama.fi Apuvalmentaja Olli Lahtinen (C-poikien p\u00e4\u00e4valmentaja) Apuvalmentaja Juha Jokitulppo Joukkueenjohtaja Kimmo Aaltonen, 044-0895089, kimmoaaltonen(at)oulunsalonvasama.fi Rahastonhoitaja Laura Junttila, &#8230; <a title=\"D-pojat\" class=\"read-more\" href=\"https:\/\/www.oulunsalonvasama.fi\/lentopallo\/edelliset-kaudet\/kausi-2014-2015\/d-pojat\/\" aria-label=\"Lue lis\u00e4\u00e4 aiheesta D-pojat\">Lue lis\u00e4\u00e4<\/a><\/p>\n","protected":false},"author":36,"featured_media":0,"parent":6670,"menu_order":6,"comment_status":"closed","ping_status":"open","template":"","meta":{"footnotes":"","_links_to":"","_links_to_target":""},"class_list":["post-6260","page","type-page","status-publish"],"_links":{"self":[{"href":"https:\/\/www.oulunsalonvasama.fi\/lentopallo\/wp-json\/wp\/v2\/pages\/6260","targetHints":{"allow":["GET"]}}],"collection":[{"href":"https:\/\/www.oulunsalonvasama.fi\/lentopallo\/wp-json\/wp\/v2\/pages"}],"about":[{"href":"https:\/\/www.oulunsalonvasama.fi\/lentopallo\/wp-json\/wp\/v2\/types\/page"}],"author":[{"embeddable":true,"href":"https:\/\/www.oulunsalonvasama.fi\/lentopallo\/wp-json\/wp\/v2\/users\/36"}],"replies":[{"embeddable":true,"href":"https:\/\/www.oulunsalonvasama.fi\/lentopallo\/wp-json\/wp\/v2\/comments?post=6260"}],"version-history":[{"count":8,"href":"https:\/\/www.oulunsalonvasama.fi\/lentopallo\/wp-json\/wp\/v2\/pages\/6260\/revisions"}],"predecessor-version":[{"id":6380,"href":"https:\/\/www.oulunsalonvasama.fi\/lentopallo\/wp-json\/wp\/v2\/pages\/6260\/revisions\/6380"}],"up":[{"embeddable":true,"href":"https:\/\/www.oulunsalonvasama.fi\/lentopallo\/wp-json\/wp\/v2\/pages\/6670"}],"wp:attachment":[{"href":"https:\/\/www.oulunsalonvasama.fi\/lentopallo\/wp-json\/wp\/v2\/media?parent=6260"}],"curies":[{"name":"wp","href":"https:\/\/api.w.org\/{rel}","templated":true}]}}