{"id":6246,"date":"2014-10-15T18:59:17","date_gmt":"2014-10-15T18:59:17","guid":{"rendered":"http:\/\/www.oulunsalonvasama.fi\/lentopallo\/?page_id=6246"},"modified":"2015-06-17T18:21:35","modified_gmt":"2015-06-17T18:21:35","slug":"e-tytot05","status":"publish","type":"page","link":"https:\/\/www.oulunsalonvasama.fi\/lentopallo\/edelliset-kaudet\/kausi-2014-2015\/e-tytot05\/","title":{"rendered":"E-tyt\u00f6t(05)"},"content":{"rendered":"<h2 style=\"color: #666666;\"><strong>E-tyt\u00f6t kaudella 2014-2015<\/strong><\/h2>\n<p><span style=\"color: #222222;\">Joukkueessa\u00a0pelaa v. 2005 syntyneit\u00e4 tytt\u00f6j\u00e4, jotka osallistuvat kauden aikana E-ik\u00e4isten tiikerisarjaan kahdella joukkueella.<\/span><\/p>\n<p><strong style=\"color: #222222;\">Harjoitusajat<br \/>\n<\/strong><span style=\"color: #222222;\">Maanantai \u00a0 \u00a0 \u00a0 \u00a0 klo 17:00-18:30 Niemenrannan koulu<\/span><br style=\"color: #222222;\" \/><span style=\"color: #222222;\">Torstai \u00a0 \u00a0 \u00a0 \u00a0 \u00a0 \u00a0 \u00a0klo 19:00-20:30 Niemenrannan koulu, parillisina viikoina<br \/>\nPerjantai \u00a0 \u00a0 \u00a0 \u00a0 \u00a0 klo 17:00-18:30 Niemenrannan koulu, parittomina viikoina<\/span><\/p>\n<p><strong style=\"color: #222222;\">Organisaatio<\/strong><br style=\"color: #222222;\" \/><span style=\"color: #222222;\">Valmentaja \u00a0 \u00a0 \u00a0 \u00a0 \u00a0 \u00a0 Jani M\u00e4ntyj\u00e4rvi, 040-519 1361<br \/>\n<\/span>Apuvalmentaja \u00a0 \u00a0 \u00a0 Matti Molander<br \/>\nApuvalmentaja \u00a0 \u00a0 \u00a0 Raino Pitk\u00e4nen<br \/>\nApuvalmentaja \u00a0 \u00a0 \u00a0 Jari-Pekka Rontu<br \/>\nApuvalmentaja \u00a0 \u00a0 \u00a0 Pekka T\u00f6rm\u00e4nen<br \/>\nJoukkueenjohtaja \u00a0 Mervi T\u00f6rm\u00e4nen, 040-707 1178<\/p>\n<p><strong style=\"color: #222222;\">Pelaajat<br \/>\n<\/strong>1 Eveliina Rontu<br \/>\n2 Sara Jaakkola<br \/>\n5 Erin Ruokamo<br \/>\n6 Sonja Molander<br \/>\n8 Mila Pitk\u00e4nen<br \/>\n9 Linda Kyll\u00f6nen<br \/>\n10 Emmi-Lotta M\u00e4ntyj\u00e4rvi<br \/>\n11 Senni Jokinen<br \/>\n14 Anni T\u00f6rm\u00e4nen<br \/>\n18 Iida Puuronen<\/p>\n","protected":false},"excerpt":{"rendered":"<p>E-tyt\u00f6t kaudella 2014-2015 Joukkueessa\u00a0pelaa v. 2005 syntyneit\u00e4 tytt\u00f6j\u00e4, jotka osallistuvat kauden aikana E-ik\u00e4isten tiikerisarjaan kahdella joukkueella. Harjoitusajat Maanantai \u00a0 \u00a0 \u00a0 \u00a0 klo 17:00-18:30 Niemenrannan kouluTorstai \u00a0 \u00a0 \u00a0 \u00a0 \u00a0 \u00a0 \u00a0klo 19:00-20:30 Niemenrannan koulu, parillisina viikoina Perjantai \u00a0 \u00a0 \u00a0 \u00a0 \u00a0 klo 17:00-18:30 Niemenrannan koulu, parittomina viikoina OrganisaatioValmentaja \u00a0 \u00a0 \u00a0 \u00a0 &#8230; <a title=\"E-tyt\u00f6t(05)\" class=\"read-more\" href=\"https:\/\/www.oulunsalonvasama.fi\/lentopallo\/edelliset-kaudet\/kausi-2014-2015\/e-tytot05\/\" aria-label=\"Lue lis\u00e4\u00e4 aiheesta E-tyt\u00f6t(05)\">Lue lis\u00e4\u00e4<\/a><\/p>\n","protected":false},"author":36,"featured_media":0,"parent":6670,"menu_order":4,"comment_status":"closed","ping_status":"open","template":"","meta":{"footnotes":"","_links_to":"","_links_to_target":""},"class_list":["post-6246","page","type-page","status-publish"],"_links":{"self":[{"href":"https:\/\/www.oulunsalonvasama.fi\/lentopallo\/wp-json\/wp\/v2\/pages\/6246","targetHints":{"allow":["GET"]}}],"collection":[{"href":"https:\/\/www.oulunsalonvasama.fi\/lentopallo\/wp-json\/wp\/v2\/pages"}],"about":[{"href":"https:\/\/www.oulunsalonvasama.fi\/lentopallo\/wp-json\/wp\/v2\/types\/page"}],"author":[{"embeddable":true,"href":"https:\/\/www.oulunsalonvasama.fi\/lentopallo\/wp-json\/wp\/v2\/users\/36"}],"replies":[{"embeddable":true,"href":"https:\/\/www.oulunsalonvasama.fi\/lentopallo\/wp-json\/wp\/v2\/comments?post=6246"}],"version-history":[{"count":9,"href":"https:\/\/www.oulunsalonvasama.fi\/lentopallo\/wp-json\/wp\/v2\/pages\/6246\/revisions"}],"predecessor-version":[{"id":6375,"href":"https:\/\/www.oulunsalonvasama.fi\/lentopallo\/wp-json\/wp\/v2\/pages\/6246\/revisions\/6375"}],"up":[{"embeddable":true,"href":"https:\/\/www.oulunsalonvasama.fi\/lentopallo\/wp-json\/wp\/v2\/pages\/6670"}],"wp:attachment":[{"href":"https:\/\/www.oulunsalonvasama.fi\/lentopallo\/wp-json\/wp\/v2\/media?parent=6246"}],"curies":[{"name":"wp","href":"https:\/\/api.w.org\/{rel}","templated":true}]}}

E-tytöt(05)

<h2 style="color: #666666;"><strong>E-tytöt kaudella 2014-2015</strong></h2>
<p><span style="color: #222222;">Joukkueessa pelaa v. 2005 syntyneitä tyttöjä, jotka osallistuvat kauden aikana E-ikäisten tiikerisarjaan kahdella joukkueella.</span></p>
<p><strong style="color: #222222;">Harjoitusajat<br />
</strong><span style="color: #222222;">Maanantai         klo 17:00-18:30 Niemenrannan koulu</span><br style="color: #222222;" /><span style="color: #222222;">Torstai              klo 19:00-20:30 Niemenrannan koulu, parillisina viikoina<br />
Perjantai           klo 17:00-18:30 Niemenrannan koulu, parittomina viikoina</span></p>
<p><strong style="color: #222222;">Organisaatio</strong><br style="color: #222222;" /><span style="color: #222222;">Valmentaja             Jani Mäntyjärvi, 040-519 1361<br />
</span>Apuvalmentaja       Matti Molander<br />
Apuvalmentaja       Raino Pitkänen<br />
Apuvalmentaja       Jari-Pekka Rontu<br />
Apuvalmentaja       Pekka Törmänen<br />
Joukkueenjohtaja   Mervi Törmänen, 040-707 1178</p>
<p><strong style="color: #222222;">Pelaajat<br />
</strong>1 Eveliina Rontu<br />
2 Sara Jaakkola<br />
5 Erin Ruokamo<br />
6 Sonja Molander<br />
8 Mila Pitkänen<br />
9 Linda Kyllönen<br />
10 Emmi-Lotta Mäntyjärvi<br />
11 Senni Jokinen<br />
14 Anni Törmänen<br />
18 Iida Puuronen</p>

<p>E-tytöt kaudella 2014-2015 Joukkueessa pelaa v. 2005 syntyneitä tyttöjä, jotka osallistuvat kauden aikana E-ikäisten tiikerisarjaan kahdella joukkueella. Harjoitusajat Maanantai         klo 17:00-18:30 Niemenrannan kouluTorstai              klo 19:00-20:30 Niemenrannan koulu, parillisina viikoina Perjantai           klo 17:00-18:30 Niemenrannan koulu, parittomina viikoina OrganisaatioValmentaja         &#8230; <a title="E-tytöt(05)" class="read-more" href="https://www.oulunsalonvasama.fi/lentopallo/edelliset-kaudet/kausi-2014-2015/e-tytot05/" aria-label="Lue lisää aiheesta E-tytöt(05)">Lue lisää</a></p>
