{"id":58,"date":"2007-10-10T19:36:14","date_gmt":"2007-10-10T19:36:14","guid":{"rendered":"http:\/\/www.oulunsalonvasama.fi\/lentopallo\/lentopallojaosto\/johtokunta\/nettisivujen-yllapito\/"},"modified":"2024-11-28T07:06:36","modified_gmt":"2024-11-28T07:06:36","slug":"nettisivujen-yllapito","status":"publish","type":"page","link":"https:\/\/www.oulunsalonvasama.fi\/lentopallo\/nettisivujen-yllapito\/","title":{"rendered":"Nettisivujen yll\u00e4pito-ohje"},"content":{"rendered":"<h1>NETTISIVUJEN YLL\u00c4PITO<\/h1>\n<p><a href=\"\/lentopallo\/tiedostot_johtokunta\/Nettisivujen_Yllapito-_ja_Johtokuntasivuohje_v3_0.doc\" target=\"_blank\" rel=\"noopener\">Nettisivujen Yll\u00e4pito, Johtokuntasivut ja S\u00e4hk\u00f6posti<\/a><\/p>\n<p><strong>HUOM! <\/strong><br \/>\n&#8211; nettisivun yll\u00e4pidon k\u00e4ytt\u00e4j\u00e4tunnukset ovat henkil\u00f6kohtaisia<\/p>\n<p>K\u00e4ytt\u00e4j\u00e4tunnukset ja uudet oulunsalonvasama.fi-s\u00e4hk\u00f6postiosoitteet yms. saa seurasihteerilt\u00e4.<\/p>\n<p><strong>Kalenteriartikkelin lis\u00e4ys:<\/strong><br \/>\n* Kirjaudu sis\u00e4\u00e4n OsVa:n sivuille osoitteessa<br \/>\n<a href=\"https:\/\/www.oulunsalonvasama.fi\/lentopallo\/wp-admin\/\">https:\/\/www.oulunsalonvasama.fi\/lentopallo\/wp-admin\/<\/a><br \/>\n* Valitse sivun vasemasta reunasta Artikkelit<br \/>\n* Valitse &#8217;Lis\u00e4\u00e4 uusi artikkeli&#8217;<br \/>\n* Lis\u00e4\u00e4 otsikko ja teksti<br \/>\n* Ruksaa &#8217;Kaikki kategoriat&#8217;-osiosta Kalenteri<br \/>\n* Laita julkaisuajaksi salivarauksen alkup\u00e4iv\u00e4 ja -aika &#8217;Julkaise&#8217;-osiossa<br \/>\n-paina &#8217;Julkaise heti&#8217; -tekstin vieress\u00e4 olevaa Muokkaa<br \/>\n-aseta aika ja paina &#8217;OK&#8217;<br \/>\n* Lopuksi paina &#8217;Julkaise&#8217;-n\u00e4pp\u00e4int\u00e4<\/p>\n","protected":false},"excerpt":{"rendered":"<p>NETTISIVUJEN YLL\u00c4PITO Nettisivujen Yll\u00e4pito, Johtokuntasivut ja S\u00e4hk\u00f6posti HUOM! &#8211; nettisivun yll\u00e4pidon k\u00e4ytt\u00e4j\u00e4tunnukset ovat henkil\u00f6kohtaisia K\u00e4ytt\u00e4j\u00e4tunnukset ja uudet oulunsalonvasama.fi-s\u00e4hk\u00f6postiosoitteet yms. saa seurasihteerilt\u00e4. Kalenteriartikkelin lis\u00e4ys: * Kirjaudu sis\u00e4\u00e4n OsVa:n sivuille osoitteessa https:\/\/www.oulunsalonvasama.fi\/lentopallo\/wp-admin\/ * Valitse sivun vasemasta reunasta Artikkelit * Valitse &#8217;Lis\u00e4\u00e4 uusi artikkeli&#8217; * Lis\u00e4\u00e4 otsikko ja teksti * Ruksaa &#8217;Kaikki kategoriat&#8217;-osiosta Kalenteri * Laita julkaisuajaksi salivarauksen &#8230; <a title=\"Nettisivujen yll\u00e4pito-ohje\" class=\"read-more\" href=\"https:\/\/www.oulunsalonvasama.fi\/lentopallo\/nettisivujen-yllapito\/\" aria-label=\"Lue lis\u00e4\u00e4 aiheesta Nettisivujen yll\u00e4pito-ohje\">Lue lis\u00e4\u00e4<\/a><\/p>\n","protected":false},"author":1,"featured_media":0,"parent":0,"menu_order":14,"comment_status":"open","ping_status":"closed","template":"","meta":{"footnotes":"","_links_to":"","_links_to_target":""},"class_list":["post-58","page","type-page","status-publish"],"_links":{"self":[{"href":"https:\/\/www.oulunsalonvasama.fi\/lentopallo\/wp-json\/wp\/v2\/pages\/58","targetHints":{"allow":["GET"]}}],"collection":[{"href":"https:\/\/www.oulunsalonvasama.fi\/lentopallo\/wp-json\/wp\/v2\/pages"}],"about":[{"href":"https:\/\/www.oulunsalonvasama.fi\/lentopallo\/wp-json\/wp\/v2\/types\/page"}],"author":[{"embeddable":true,"href":"https:\/\/www.oulunsalonvasama.fi\/lentopallo\/wp-json\/wp\/v2\/users\/1"}],"replies":[{"embeddable":true,"href":"https:\/\/www.oulunsalonvasama.fi\/lentopallo\/wp-json\/wp\/v2\/comments?post=58"}],"version-history":[{"count":27,"href":"https:\/\/www.oulunsalonvasama.fi\/lentopallo\/wp-json\/wp\/v2\/pages\/58\/revisions"}],"predecessor-version":[{"id":10637,"href":"https:\/\/www.oulunsalonvasama.fi\/lentopallo\/wp-json\/wp\/v2\/pages\/58\/revisions\/10637"}],"wp:attachment":[{"href":"https:\/\/www.oulunsalonvasama.fi\/lentopallo\/wp-json\/wp\/v2\/media?parent=58"}],"curies":[{"name":"wp","href":"https:\/\/api.w.org\/{rel}","templated":true}]}}