{"id":4330,"date":"2012-07-27T03:44:53","date_gmt":"2012-07-27T03:44:53","guid":{"rendered":"http:\/\/www.oulunsalonvasama.fi\/lentopallo\/?page_id=4330"},"modified":"2019-07-31T09:22:44","modified_gmt":"2019-07-31T09:22:44","slug":"kausi-2011-2012","status":"publish","type":"page","link":"https:\/\/www.oulunsalonvasama.fi\/lentopallo\/edelliset-kaudet\/kausi-2011-2012\/","title":{"rendered":"Kausi 2011-2012"},"content":{"rendered":"<h2>Joukkueet kausi 2011-2012<\/h2>\n<p><strong>S\u00e4hk\u00f6postiosoitteet ovat muotoa<\/strong><br \/>\n<span style=\"text-decoration: underline;\">EtunimiSukunimi@oulunsalonvasama.fi<\/span><br \/>\n(\u00e4:n tilalla a ja \u00f6:n tilalla o)<\/p>\n<p><a title=\"Pallokerho\" href=\"http\/\/www.oulunsalonvasama.fi\/lentopallo\/joukkueet\/pallokerho\/\"><strong>Pallokerho: <\/strong><br \/>\n<\/a>Leena Kuukasj\u00e4rvi<br \/>\np. 050-3051043<br \/>\nleenakuukasjarvi [at] oulunsalonvasama.fi<\/p>\n<p><strong>F-pojat:<\/strong><br \/>\nJaana Jokitulppo<br \/>\n050-5337781<\/p>\n<p><a title=\"E-tyt\u00f6t:\" href=\"https:\/\/www.oulunsalonvasama.fi\/lentopallo\/edelliset-kaudet\/kausi-2011-2012\/e-tytot-1\/\"><strong>E-tyt\u00f6t:<\/strong><br \/>\n<\/a>Jarno Valtanen<br \/>\n044 0235 153<\/p>\n<p><strong>E-pojat:<\/strong><br \/>\nOlli Lahtinen<br \/>\n040 586 5422<\/p>\n<p><strong><a title=\"D-tyt\u00f6t:\" href=\"https:\/\/www.oulunsalonvasama.fi\/lentopallo\/edelliset-kaudet\/kausi-2011-2012\/d-tytot\/\">D-tyt\u00f6t:<\/a><\/strong><br \/>\nTapio Helanen<br \/>\npuh:0400440092<\/p>\n<p><strong>D-pojat:<\/strong><br \/>\nKeijo Nivala<br \/>\n0400-921268<\/p>\n<p><strong>C-tyt\u00f6t 1:<\/strong><br \/>\nJuha Jokitulppo<br \/>\n040-8211645<\/p>\n<p><strong>C-tyt\u00f6t 2:<\/strong><br \/>\nAli Pietil\u00e4inen<br \/>\n0400-876775<\/p>\n<p><strong>C-pojat:<\/strong><br \/>\nPetri Snellman<br \/>\n040-7766696<\/p>\n<p><strong>B-tyt\u00f6t 96:<\/strong><br \/>\n040-7700370<\/p>\n<p><strong>B-pojat:<\/strong><br \/>\nJuha Haapakoski<br \/>\n040-5558736<\/p>\n<p><strong>A-tyt\u00f6t:<\/strong><br \/>\nRisto Kylm\u00e4aho<br \/>\n040-7099168<br \/>\nristokylmaaho [at] oulunsalonvasama.fi<\/p>\n<p><strong>Naiset pallo hukassa:<\/strong><br \/>\nEero Heikkinen<br \/>\n046-6657905<br \/>\neeroheikkinen [at] oulunsalon vasama.fi<\/p>\n<p><a title=\"Naiset 2002:\" href=\"https:\/\/www.oulunsalonvasama.fi\/lentopallo\/edelliset-kaudet\/kausi-2011-2012\/naiset-2002\/\"><strong>Naiset 2002:<\/strong><\/a><br \/>\nSaara Kittil\u00e4<br \/>\n040-8396 725<br \/>\nsaarakittila [at] oulunsalonvasama.fi<\/p>\n<p><strong>Naiset 100:<\/strong><br \/>\nLeila Raitanen<br \/>\n040-5592803<\/p>\n<p><strong>Miehet 2 ja veteraanit:<\/strong><br \/>\nPetteri Paukkeri<br \/>\n040-4124039<\/p>\n","protected":false},"excerpt":{"rendered":"<p>Joukkueet kausi 2011-2012 S\u00e4hk\u00f6postiosoitteet ovat muotoa EtunimiSukunimi@oulunsalonvasama.fi (\u00e4:n tilalla a ja \u00f6:n tilalla o) Pallokerho: Leena Kuukasj\u00e4rvi p. 050-3051043 leenakuukasjarvi [at] oulunsalonvasama.fi F-pojat: Jaana Jokitulppo 050-5337781 E-tyt\u00f6t: Jarno Valtanen 044 0235 153 E-pojat: Olli Lahtinen 040 586 5422 D-tyt\u00f6t: Tapio Helanen puh:0400440092 D-pojat: Keijo Nivala 0400-921268 C-tyt\u00f6t 1: Juha Jokitulppo 040-8211645 C-tyt\u00f6t 2: Ali Pietil\u00e4inen &#8230; <a title=\"Kausi 2011-2012\" class=\"read-more\" href=\"https:\/\/www.oulunsalonvasama.fi\/lentopallo\/edelliset-kaudet\/kausi-2011-2012\/\" aria-label=\"Lue lis\u00e4\u00e4 aiheesta Kausi 2011-2012\">Lue lis\u00e4\u00e4<\/a><\/p>\n","protected":false},"author":1,"featured_media":0,"parent":2069,"menu_order":17,"comment_status":"closed","ping_status":"open","template":"","meta":{"footnotes":"","_links_to":"","_links_to_target":""},"class_list":["post-4330","page","type-page","status-publish"],"_links":{"self":[{"href":"https:\/\/www.oulunsalonvasama.fi\/lentopallo\/wp-json\/wp\/v2\/pages\/4330","targetHints":{"allow":["GET"]}}],"collection":[{"href":"https:\/\/www.oulunsalonvasama.fi\/lentopallo\/wp-json\/wp\/v2\/pages"}],"about":[{"href":"https:\/\/www.oulunsalonvasama.fi\/lentopallo\/wp-json\/wp\/v2\/types\/page"}],"author":[{"embeddable":true,"href":"https:\/\/www.oulunsalonvasama.fi\/lentopallo\/wp-json\/wp\/v2\/users\/1"}],"replies":[{"embeddable":true,"href":"https:\/\/www.oulunsalonvasama.fi\/lentopallo\/wp-json\/wp\/v2\/comments?post=4330"}],"version-history":[{"count":8,"href":"https:\/\/www.oulunsalonvasama.fi\/lentopallo\/wp-json\/wp\/v2\/pages\/4330\/revisions"}],"predecessor-version":[{"id":4581,"href":"https:\/\/www.oulunsalonvasama.fi\/lentopallo\/wp-json\/wp\/v2\/pages\/4330\/revisions\/4581"}],"up":[{"embeddable":true,"href":"https:\/\/www.oulunsalonvasama.fi\/lentopallo\/wp-json\/wp\/v2\/pages\/2069"}],"wp:attachment":[{"href":"https:\/\/www.oulunsalonvasama.fi\/lentopallo\/wp-json\/wp\/v2\/media?parent=4330"}],"curies":[{"name":"wp","href":"https:\/\/api.w.org\/{rel}","templated":true}]}}