{"id":174,"date":"2008-02-09T16:07:22","date_gmt":"2008-02-09T16:07:22","guid":{"rendered":""},"modified":"2010-08-15T10:52:38","modified_gmt":"2010-08-15T10:52:38","slug":"d_tytot2","status":"publish","type":"page","link":"https:\/\/www.oulunsalonvasama.fi\/lentopallo\/edelliset-kaudet\/kausi-2007-2008\/d_tytot2\/","title":{"rendered":"D-tyt\u00f6t 2"},"content":{"rendered":"<h1>D-tyt\u00f6t 2 kaudella 2007-2008<\/h1>\n<p>\n<a href=\"https:\/\/www.oulunsalonvasama.fi\/lentopallo\/ajankohtaista\/?action=showitem&#038;id=280\"> <b>Joukkueet ja yhdyshenkil\u00f6t<\/b><\/a> sek\u00e4 <a href=\"https:\/\/www.oulunsalonvasama.fi\/lentopallo\/harjoitusvuorot\/\"> <b>harjoitusvuorot <\/b><\/a><\/p>\n<p><b>Harjoitusvuorot Pitk\u00e4kankaan koulu:<\/b><br \/>\nSunnuntaina 17.00 &#8211; 18.30<br \/><b>Kirkonkyl\u00e4n koulu:<\/b><br \/>Keskiviikkona 19.30 &#8211; 21.00<\/p>\n<p><b>Joukkueen johtaja:<\/b> Lea Nivalainen<\/p>\n<p><b>Rahastonhoitaja:<\/b> Lea Klasila<br \/>Vararah.hoit.: Lea Nivalainen<\/p>\n<p><b>Valmentajat:<\/b> Jorma Rajala, Arto Kyng\u00e4s<br \/>\nmail: etunimi.sukunimi@akyngas.com<br \/>\ngsm: 040-5742612<\/p>\n<p><a href=\"http:\/\/80.248.243.182\/ccsport\/reports\/dblento1\/tp_9.htm\" target=_blank>KATSO D-TYT\u00d6T II TIIKERISARJAN OHJELMA JA TULOKSET<\/A><P><\/p>\n<h2>Joukkue<\/h2>\n<p>\n<a href=\/lentopallo\/tiedostot\/DTII2008.jpg  target=\"_blank\"> <img src=\/lentopallo\/tiedostot\/DTII2008.jpg border=\"0\" width=\"500\" align=\"middle\" > <\/a>\n<\/p>\n<table>\n<tr>\n<td width=\"40\">\n<li>Nro<\/li>\n<\/td>\n<td width=\"190\">Nimi<\/td>\n<td width=\"80\">Synt.vuosi<\/td>\n<td width=\"50\">Pituus<\/td>\n<\/tr>\n<tr>\n<td>\n<li>4<\/li>\n<\/td>\n<td><a href=\/lentopallo\/tiedostot\/dt2_07.jpg  target=\"_blank\">Tiia Kaukoranta<\/a><\/td>\n<td>1996<\/td>\n<td>167<\/td>\n<\/tr>\n<tr>\n<td>\n<li>13<\/li>\n<\/td>\n<td><a href=\/lentopallo\/tiedostot\/dt2_07.jpg  target=\"_blank\">Minna Nivalainen<\/a><\/td>\n<td>1995<\/td>\n<td>164<\/td>\n<\/tr>\n<tr>\n<td>\n<li>11<\/li>\n<\/td>\n<td><a href=\/lentopallo\/tiedostot\/dt2_07.jpg  target=\"_blank\">Eveliina Puranen<\/a><\/td>\n<td>1996<\/td>\n<td>153<\/td>\n<\/tr>\n<tr>\n<td>\n<li>10<\/li>\n<\/td>\n<td><a href=\/lentopallo\/tiedostot\/dt2_07.jpg target=\"_blank\">Anna Marttila<\/a><\/td>\n<td>1996<\/td>\n<td>153<\/td>\n<\/tr>\n<tr>\n<td>\n<li>23<\/li>\n<\/td>\n<td><a href=\/lentopallo\/tiedostot\/dt2_07.jpg  target=\"_blank\">Eerika Suhonen<\/a><\/td>\n<td>1995<\/td>\n<td>152<\/td>\n<\/tr>\n<tr>\n<td>\n<li>30<\/li>\n<\/td>\n<td><a href=\/lentopallo\/tiedostot\/dt2_07.jpg  target=\"_blank\">Janika Klasila<\/a><\/td>\n<td>1995<\/td>\n<td>160<\/td>\n<\/tr>\n<\/table\n\n \n<br \/>\n","protected":false},"excerpt":{"rendered":"<p>D-tyt\u00f6t 2 kaudella 2007-2008 Joukkueet ja yhdyshenkil\u00f6t sek\u00e4 harjoitusvuorot Harjoitusvuorot Pitk\u00e4kankaan koulu: Sunnuntaina 17.00 &#8211; 18.30Kirkonkyl\u00e4n koulu:Keskiviikkona 19.30 &#8211; 21.00 Joukkueen johtaja: Lea Nivalainen Rahastonhoitaja: Lea KlasilaVararah.hoit.: Lea Nivalainen Valmentajat: Jorma Rajala, Arto Kyng\u00e4s mail: etunimi.sukunimi@akyngas.com gsm: 040-5742612 KATSO D-TYT\u00d6T II TIIKERISARJAN OHJELMA JA TULOKSET Joukkue Nro Nimi Synt.vuosi Pituus 4 Tiia Kaukoranta 1996 167 &#8230; <a title=\"D-tyt\u00f6t 2\" class=\"read-more\" href=\"https:\/\/www.oulunsalonvasama.fi\/lentopallo\/edelliset-kaudet\/kausi-2007-2008\/d_tytot2\/\" aria-label=\"Lue lis\u00e4\u00e4 aiheesta D-tyt\u00f6t 2\">Lue lis\u00e4\u00e4<\/a><\/p>\n","protected":false},"author":1,"featured_media":0,"parent":181,"menu_order":18,"comment_status":"open","ping_status":"open","template":"","meta":{"footnotes":"","_links_to":"","_links_to_target":""},"class_list":["post-174","page","type-page","status-publish"],"_links":{"self":[{"href":"https:\/\/www.oulunsalonvasama.fi\/lentopallo\/wp-json\/wp\/v2\/pages\/174","targetHints":{"allow":["GET"]}}],"collection":[{"href":"https:\/\/www.oulunsalonvasama.fi\/lentopallo\/wp-json\/wp\/v2\/pages"}],"about":[{"href":"https:\/\/www.oulunsalonvasama.fi\/lentopallo\/wp-json\/wp\/v2\/types\/page"}],"author":[{"embeddable":true,"href":"https:\/\/www.oulunsalonvasama.fi\/lentopallo\/wp-json\/wp\/v2\/users\/1"}],"replies":[{"embeddable":true,"href":"https:\/\/www.oulunsalonvasama.fi\/lentopallo\/wp-json\/wp\/v2\/comments?post=174"}],"version-history":[{"count":3,"href":"https:\/\/www.oulunsalonvasama.fi\/lentopallo\/wp-json\/wp\/v2\/pages\/174\/revisions"}],"predecessor-version":[{"id":2104,"href":"https:\/\/www.oulunsalonvasama.fi\/lentopallo\/wp-json\/wp\/v2\/pages\/174\/revisions\/2104"}],"up":[{"embeddable":true,"href":"https:\/\/www.oulunsalonvasama.fi\/lentopallo\/wp-json\/wp\/v2\/pages\/181"}],"wp:attachment":[{"href":"https:\/\/www.oulunsalonvasama.fi\/lentopallo\/wp-json\/wp\/v2\/media?parent=174"}],"curies":[{"name":"wp","href":"https:\/\/api.w.org\/{rel}","templated":true}]}}