{"id":17,"date":"2009-08-23T13:15:29","date_gmt":"2009-08-23T13:15:29","guid":{"rendered":""},"modified":"2025-06-27T07:10:20","modified_gmt":"2025-06-27T07:10:20","slug":"pelisaannot","status":"publish","type":"page","link":"https:\/\/www.oulunsalonvasama.fi\/lentopallo\/lentopallo\/pelisaannot\/","title":{"rendered":"Jaoston Arvot ja Pelis\u00e4\u00e4nn\u00f6t"},"content":{"rendered":"<h1>Arvot ja pelis\u00e4\u00e4nn\u00f6t<\/h1>\n<p><em>Tarkistettu: 24.7.2018<\/em><\/p>\n<p><a href=\"https:\/\/www.oulunsalonvasama.fi\/lentopallo\/wp-content\/uploads\/2018\/05\/t\u00e4htiseuralogo.jpg\"><img loading=\"lazy\" decoding=\"async\" class=\"wp-image-8522 alignleft\" src=\"https:\/\/www.oulunsalonvasama.fi\/lentopallo\/wp-content\/uploads\/2018\/05\/t\u00e4htiseuralogo-284x300.jpg\" alt=\"\" width=\"139\" height=\"147\" srcset=\"https:\/\/www.oulunsalonvasama.fi\/lentopallo\/wp-content\/uploads\/2018\/05\/t\u00e4htiseuralogo-284x300.jpg 284w, https:\/\/www.oulunsalonvasama.fi\/lentopallo\/wp-content\/uploads\/2018\/05\/t\u00e4htiseuralogo.jpg 525w\" sizes=\"auto, (max-width: 139px) 100vw, 139px\" \/><\/a><\/p>\n<p>&nbsp;<\/p>\n<h1><\/h1>\n<h1><\/h1>\n<h1>Lentopallojaosto olemme me kaikki yhdess\u00e4<\/h1>\n<ul>\n<li>joukkueet, pelaajat ja joukkueiden toimihenkil\u00f6t,<\/li>\n<li>valmentajat, tuomarit ja muut aktiivij\u00e4senet<\/li>\n<li>sek\u00e4 kaikkien perheet<\/li>\n<\/ul>\n<h1>Yhteiset arvomme ovat<\/h1>\n<ul>\n<li>liikunta ja urheilu<\/li>\n<li>laadukas ja avoin toiminta sek\u00e4 tiedotus<\/li>\n<li>terveelliset el\u00e4m\u00e4ntavat<\/li>\n<li>tasapuolisuus ja suvaitsevaisuus<\/li>\n<li>yhteistoiminta<\/li>\n<li>rehellisyys ja hyv\u00e4t k\u00e4yt\u00f6stavat<\/li>\n<li>jatkuvuudesta huolehtiminen<\/li>\n<li>kunnioitamme lapsuutta ja nuoruutta<\/li>\n<li>tavoitteena lentopallosta elinik\u00e4inen harrastus<\/li>\n<\/ul>\n<h1>Lentopallojaoston j\u00e4senet<\/h1>\n<ul>\n<li>noudattavat yhteisi\u00e4 pelis\u00e4\u00e4nt\u00f6j\u00e4<\/li>\n<li>pyrkiv\u00e4t noudattamaan terveellist\u00e4 liikunnallista el\u00e4m\u00e4ntapaa<\/li>\n<li>omaavat samat oikeudet ja velvollisuudet<\/li>\n<li>ovat rehellisi\u00e4 ja hyv\u00e4k\u00e4yt\u00f6ksisi\u00e4<\/li>\n<li>ovat suvaitsevaisia arvostaen ja kunnioittaen itse\u00e4\u00e4n ja kanssaihmisi\u00e4 (joukkuetoverit, tuomarit ja vastustajat)<\/li>\n<li>arvostavat ja kunnioittavat erilaisuutta<\/li>\n<li>kannustavat ja tukevat joukkuetovereita<\/li>\n<li>ottavat kaikki mukaan<\/li>\n<li>tukevat valmentajia ja antavat heille mahdollisuuden kehitt\u00e4\u00e4 itse\u00e4\u00e4n ja harjoitusten laatua ottamalla oma-aloitteisesti vastuuta joukkueen yleisist\u00e4 teht\u00e4vist\u00e4<\/li>\n<li>toimivat yhdess\u00e4 toisiaan tukien yhteisten tavoitteiden saavuttamiseksi sek\u00e4 omassa joukkueessaan ett\u00e4 koko jaostossa<\/li>\n<li>pyrkiv\u00e4t yhdess\u00e4 tehden kaikille mukavaan toimintaan ja yhteisiin el\u00e4myksiin sek\u00e4 harjoituksissa ett\u00e4 turnausmatkoilla<\/li>\n<li>yritt\u00e4v\u00e4t ja saavat yritt\u00e4\u00e4 parhaansa ilman ett\u00e4 tarvitsee pel\u00e4t\u00e4 ep\u00e4onnistumista<\/li>\n<li>pyrkiv\u00e4t jatkuvaan kehittymiseen ja kehitt\u00e4miseen<\/li>\n<li>huolehtivat perinteen ja harrastusmahdollisuuksien jatkumisesta<\/li>\n<li>eiv\u00e4t k\u00e4yt\u00e4 doping-aineita, huumeita tai vastaavia aineita<\/li>\n<li>eiv\u00e4t tupakoi, k\u00e4yt\u00e4 energiajuomia, k\u00e4yt\u00e4 nuuskaa tai alkoholia yms. harjoituksissa, turnausmatkoilla eiv\u00e4tk\u00e4 muussakaan toiminnassamme sek\u00e4 v\u00e4ltt\u00e4v\u00e4t niiden k\u00e4ytt\u00f6\u00e4 muutenkin (aikuiset v\u00e4ltt\u00e4v\u00e4t tupakointia lasten kanssa toimiessaan)<\/li>\n<li>kest\u00e4v\u00e4 kehitys ja luonnon kunnioittaminen<\/li>\n<li>tuemme lasten ja nuorten kehittymist\u00e4 heid\u00e4n omaa tahtiaan ja suojelemme lapsia liian aikaisilta aikuisuuden vaatimuksilta<\/li>\n<\/ul>\n<p><strong><br \/>\nJoukkueet sopivat omat pelis\u00e4\u00e4nt\u00f6ns\u00e4 n\u00e4iden arvojen ja pelis\u00e4\u00e4nt\u00f6jen pohjalta<\/strong>. T\u00e4htiseurakriteerien mukaisesti T\u00e4htiseurojen tulee sopia pelis\u00e4\u00e4nn\u00f6t<\/p>\n<ul>\n<li>kaikkien alle 16-vuotiaiden ryhmiss\u00e4 <span style=\"text-decoration: underline;\">sek\u00e4 lasten ett\u00e4 lasten vanhempien kanssa<\/span>.<\/li>\n<li>16-18 -vuotiaiden ryhmiss\u00e4 <span style=\"text-decoration: underline;\">nuorten ja valmentajien kesken<\/span>.<\/li>\n<li>pelis\u00e4\u00e4nn\u00f6t sovitaan kaikissa joukkueissa<\/li>\n<\/ul>\n<p>&nbsp;<\/p>\n","protected":false},"excerpt":{"rendered":"<p>Arvot ja pelis\u00e4\u00e4nn\u00f6t Tarkistettu: 24.7.2018 &nbsp; Lentopallojaosto olemme me kaikki yhdess\u00e4 joukkueet, pelaajat ja joukkueiden toimihenkil\u00f6t, valmentajat, tuomarit ja muut aktiivij\u00e4senet sek\u00e4 kaikkien perheet Yhteiset arvomme ovat liikunta ja urheilu laadukas ja avoin toiminta sek\u00e4 tiedotus terveelliset el\u00e4m\u00e4ntavat tasapuolisuus ja suvaitsevaisuus yhteistoiminta rehellisyys ja hyv\u00e4t k\u00e4yt\u00f6stavat jatkuvuudesta huolehtiminen kunnioitamme lapsuutta ja nuoruutta tavoitteena lentopallosta elinik\u00e4inen &#8230; <a title=\"Jaoston Arvot ja Pelis\u00e4\u00e4nn\u00f6t\" class=\"read-more\" href=\"https:\/\/www.oulunsalonvasama.fi\/lentopallo\/lentopallo\/pelisaannot\/\" aria-label=\"Lue lis\u00e4\u00e4 aiheesta Jaoston Arvot ja Pelis\u00e4\u00e4nn\u00f6t\">Lue lis\u00e4\u00e4<\/a><\/p>\n","protected":false},"author":1,"featured_media":0,"parent":2,"menu_order":2,"comment_status":"closed","ping_status":"closed","template":"","meta":{"footnotes":"","_links_to":"","_links_to_target":""},"class_list":["post-17","page","type-page","status-publish"],"_links":{"self":[{"href":"https:\/\/www.oulunsalonvasama.fi\/lentopallo\/wp-json\/wp\/v2\/pages\/17","targetHints":{"allow":["GET"]}}],"collection":[{"href":"https:\/\/www.oulunsalonvasama.fi\/lentopallo\/wp-json\/wp\/v2\/pages"}],"about":[{"href":"https:\/\/www.oulunsalonvasama.fi\/lentopallo\/wp-json\/wp\/v2\/types\/page"}],"author":[{"embeddable":true,"href":"https:\/\/www.oulunsalonvasama.fi\/lentopallo\/wp-json\/wp\/v2\/users\/1"}],"replies":[{"embeddable":true,"href":"https:\/\/www.oulunsalonvasama.fi\/lentopallo\/wp-json\/wp\/v2\/comments?post=17"}],"version-history":[{"count":10,"href":"https:\/\/www.oulunsalonvasama.fi\/lentopallo\/wp-json\/wp\/v2\/pages\/17\/revisions"}],"predecessor-version":[{"id":11021,"href":"https:\/\/www.oulunsalonvasama.fi\/lentopallo\/wp-json\/wp\/v2\/pages\/17\/revisions\/11021"}],"up":[{"embeddable":true,"href":"https:\/\/www.oulunsalonvasama.fi\/lentopallo\/wp-json\/wp\/v2\/pages\/2"}],"wp:attachment":[{"href":"https:\/\/www.oulunsalonvasama.fi\/lentopallo\/wp-json\/wp\/v2\/media?parent=17"}],"curies":[{"name":"wp","href":"https:\/\/api.w.org\/{rel}","templated":true}]}}