{"id":144,"date":"2007-03-26T11:00:16","date_gmt":"2007-03-26T11:00:16","guid":{"rendered":""},"modified":"2010-08-15T11:03:14","modified_gmt":"2010-08-15T11:03:14","slug":"b_tytot90","status":"publish","type":"page","link":"https:\/\/www.oulunsalonvasama.fi\/lentopallo\/edelliset-kaudet\/kausi-2006-2007\/b_tytot90\/","title":{"rendered":"B-tyt\u00f6t 90"},"content":{"rendered":"<h1>B-tyt\u00f6t 90 ja B-tyt\u00f6t 91 kaudella 2006-2007<\/h1>\n<p>\n<a href=\"https:\/\/www.oulunsalonvasama.fi\/lentopallo\/ajankohtaista\/?action=showitem&#038;id=240\"> <b>Joukkueet ja yhdyshenkil\u00f6t<\/b><\/a> sek\u00e4 <a href=\"https:\/\/www.oulunsalonvasama.fi\/lentopallo\/harjoitusvuorot\/\"> <b>harjoitusvuorot <\/b><\/a><\/p>\n<p><b>Harjoitusvuorot Pitk\u00e4kankaan koulu:<\/b><br \/>\nMaanantai 18.30 &#8211; 20.00<br \/>Perjantai 18.30 &#8211; 20.00<\/p>\n<p><b>Joukkueen johtaja: Alpo Salo<br \/><\/b>etunimi.sukunimi@pp2.inet.fi<\/p>\n<p>\n<b>Rahastonhoitaja: Silja Saarij\u00e4rvi<\/b><br \/>\netunimi.sukunimi@luukku.com<\/p>\n<p>\n<b>Valmentajat: Arto Kyng\u00e4s \/ Lauri Kiuttu <br \/>Apuna: Matti Saarij\u00e4rvi ja Seppo Rytinki<br \/> <\/b><\/p>\n<p>\n<img loading=\"lazy\" decoding=\"async\" src=\"\/lentopallo\/tiedostot\/2006_10_B_tytot.jpg\" border=\"2\" width=\"450\" height=\"338\" alt=\"B-tyt\u00f6t 90\/91\"><\/p>\n<p>B-tyt\u00f6t 90\/91 2006<\/p>\n<table border=\"0\" cellpadding=\"0\" cellspacing=\"0\" style=\"border-collapse: collapse\" bordercolor=\"#111111\" width=\"442\" id=\"AutoNumber1\" height=\"283\">\n<tr>\n<td width=\"86\" height=\"17\">\n<p align=\"center\"><font face=\"Times New Roman\" size=\"3\"><b>Nro<\/b><\/font><\/td>\n<td width=\"252\" height=\"17\"><font face=\"Times New Roman\" size=\"3\"><b>Nimi<\/b><\/font><\/td>\n<td width=\"166\" height=\"17\">\n<p align=\"center\"><font face=\"Times New Roman\" size=\"3\"><b>Synt.vuosi<\/b><\/font><\/td>\n<td width=\"136\" height=\"17\">\n<p align=\"center\"><font face=\"Times New Roman\" size=\"3\"><b>Pituus<\/b><\/font><\/td>\n<td width=\"116\" height=\"17\"><font face=\"Times New Roman\" size=\"3\"><b>Rooli<\/b><\/font><\/td>\n<\/tr>\n<tr>\n<td width=\"86\" align=\"center\" height=\"19\">\n    <font face=\"Times New Roman\" size=\"3\">3<\/font><\/td>\n<td width=\"252\" height=\"19\"><font face=\"Times New Roman\" size=\"3\">Jaana Saarij\u00e4rvi<\/font><\/td>\n<td width=\"166\" align=\"center\" height=\"19\">\n    <font face=\"Times New Roman\" size=\"3\">1991<\/font><\/td>\n<td width=\"136\" align=\"center\" height=\"19\">\n    <font face=\"Times New Roman\" size=\"3\">172<\/font><\/td>\n<td width=\"116\" height=\"19\"><font face=\"Times New Roman\" size=\"3\">Yleispelaaja<\/font><\/td>\n<\/tr>\n<tr>\n<td width=\"86\" align=\"center\" height=\"19\">\n    <font face=\"Times New Roman\" size=\"3\">1<\/font><\/td>\n<td width=\"252\" height=\"19\"><font face=\"Times New Roman\" size=\"3\">Niina Kiuttu <\/font><\/td>\n<td width=\"166\" align=\"center\" height=\"19\">\n    <font face=\"Times New Roman\" size=\"3\">1990<\/font><\/td>\n<td width=\"136\" align=\"center\" height=\"19\">\n<p>    <font face=\"Times New Roman\" size=\"3\">176<\/font><\/td>\n<td width=\"116\" height=\"19\"><font face=\"Times New Roman\" size=\"3\">Hakkuri   C<\/font><\/td>\n<\/tr>\n<tr>\n<td width=\"86\" align=\"center\" height=\"19\">\n    <font face=\"Times New Roman\" size=\"3\">4<\/font><\/td>\n<td width=\"252\" height=\"19\"><font face=\"Times New Roman\" size=\"3\">Helena Kinnunen<\/font><\/td>\n<td width=\"166\" align=\"center\" height=\"19\">\n    <font face=\"Times New Roman\" size=\"3\">1990<\/font><\/td>\n<td width=\"136\" align=\"center\" height=\"19\">\n    <font face=\"Times New Roman\" size=\"3\">171<\/font><\/td>\n<td width=\"116\" height=\"19\"><font face=\"Times New Roman\" size=\"3\">Keskitorjuja\/yp<\/font><\/td>\n<\/tr>\n<tr>\n<td width=\"86\" align=\"center\" height=\"19\">\n    <font face=\"Times New Roman\" size=\"3\">8<\/font><\/td>\n<td width=\"252\" height=\"19\"><font face=\"Times New Roman\" size=\"3\">Suvi Sihvonen<\/font><\/td>\n<td width=\"166\" align=\"center\" height=\"19\">\n    <font face=\"Times New Roman\" size=\"3\">1991<\/font><\/td>\n<td width=\"136\" align=\"center\" height=\"19\">\n    <font face=\"Times New Roman\" size=\"3\">176<\/font><\/td>\n<td width=\"116\" height=\"19\"><font face=\"Times New Roman\" size=\"3\">Keskitorjuja\/yp<\/font><\/td>\n<\/tr>\n<tr>\n<td width=\"86\" align=\"center\" height=\"19\">\n    <font face=\"Times New Roman\" size=\"3\">9<\/font><\/td>\n<td width=\"252\" height=\"19\"><font face=\"Times New Roman\" size=\"3\">Iris Lawson<\/font><\/td>\n<td width=\"166\" align=\"center\" height=\"19\">\n<p>    <font face=\"Times New Roman\" size=\"3\">1990<\/font><\/td>\n<td width=\"136\" align=\"center\" height=\"19\">\n    <font face=\"Times New Roman\" size=\"3\">171<\/font><\/td>\n<td width=\"116\" height=\"19\"><font face=\"Times New Roman\" size=\"3\">Passari<\/font><\/td>\n<\/tr>\n<tr>\n<td width=\"86\" align=\"center\" height=\"19\">\n<p>    <font face=\"Times New Roman\" size=\"2\">10<\/font><\/td>\n<td width=\"252\" height=\"19\"><font face=\"Times New Roman\" size=\"3\">Jessica Mulari<\/font><\/td>\n<td width=\"166\" align=\"center\" height=\"19\">\n    <font face=\"Times New Roman\" size=\"3\">1990<\/font><\/td>\n<td width=\"136\" align=\"center\" height=\"19\">\n    <font face=\"Times New Roman\" size=\"3\">169<\/font><\/td>\n<td width=\"116\" height=\"19\"><font face=\"Times New Roman\" size=\"3\">Passari  A<\/font><\/td>\n<\/tr>\n<tr>\n<td width=\"86\" align=\"center\" height=\"19\">\n    <font face=\"Times New Roman\" size=\"3\">2<\/font><\/td>\n<td width=\"252\" height=\"19\"><font face=\"Times New Roman\" size=\"3\">Aino Sihvonen<\/font><\/td>\n<td width=\"166\" align=\"center\" height=\"19\">\n    <font face=\"Times New Roman\" size=\"3\">1989<\/font><\/td>\n<td width=\"136\" align=\"center\" height=\"19\">\n    <font face=\"Times New Roman\" size=\"3\">172<\/font><\/td>\n<td width=\"116\" height=\"19\"><font face=\"Times New Roman\" size=\"3\">Yleispelaaja<\/font><\/td>\n<\/tr>\n<tr>\n<td width=\"86\" align=\"center\" height=\"19\">\n    <font face=\"Times New Roman\" size=\"3\">6<\/font><\/td>\n<td width=\"252\" height=\"19\"><font face=\"Times New Roman\" size=\"3\">Anni Rytinki<\/font><\/td>\n<td width=\"166\" align=\"center\" height=\"19\">\n    <font face=\"Times New Roman\" size=\"3\">1991<\/font><\/td>\n<td width=\"136\" align=\"center\" height=\"19\">\n    <font face=\"Times New Roman\" size=\"3\">171<\/font><\/td>\n<td width=\"116\" height=\"19\"><font face=\"Times New Roman\" size=\"3\">Keskitorjuja\/yp<\/font><\/td>\n<\/tr>\n<tr>\n<td width=\"86\" align=\"center\" height=\"19\">\n<p>    <font face=\"Times New Roman\" size=\"3\">12<\/font><\/td>\n<td width=\"252\" height=\"19\"><font face=\"Times New Roman\" size=\"3\">Karoliina Salo<\/font><\/td>\n<td width=\"166\" align=\"center\" height=\"19\">\n    <font face=\"Times New Roman\" size=\"3\">1990<\/font><\/td>\n<td width=\"136\" align=\"center\" height=\"19\">\n    <font face=\"Times New Roman\" size=\"3\">166<\/font><\/td>\n<td width=\"116\" height=\"19\"><font face=\"Times New Roman\" size=\"3\">Yleispelaaja<\/font><\/td>\n<\/tr>\n<tr>\n<td width=\"86\" align=\"center\" height=\"19\"> <\/td>\n<td width=\"252\" height=\"19\"> <\/td>\n<td width=\"166\" height=\"19\"> <\/td>\n<td width=\"136\" height=\"19\"> <\/td>\n<td width=\"116\" height=\"19\"> <\/td>\n<\/tr>\n<p>  <\/font><\/td>\n<\/tr>\n<\/table>\n<p>AM-sarjan 1- turnaus  Oulunsalo 14.10.06<br \/> <br \/>\nTulokset:Lohko-4, Arto Kyng\u00e4s, Matti Saarij\u00e4rvi, Alpo Salo<\/p>\n<table width=\"75%\" border=\"1\">\n<tr>\n<td>OsVa B-t <\/td>\n<td>ONMKY 2<\/td>\n<td>2 &#8211; 0<\/td>\n<\/tr>\n<tr>\n<td>LNM   B-t <\/td>\n<td>OsVa B-t <\/td>\n<td>0 &#8211; 2 <\/td>\n<\/tr>\n<tr>\n<td>OsVa B-t <\/td>\n<td>HimU B-t <\/td>\n<td>2 &#8211; 0 <\/td>\n<\/tr>\n<tr>\n<td>OsVa B-t <\/td>\n<td>RaLepe  <\/td>\n<td>2 &#8211; 0 <\/td>\n<\/tr>\n<td>OsVa B-t <\/td>\n<td>Vep\/Hep <\/td>\n<td>200 &#8211; 95<\/td>\n<\/table>\n<p>\nAM-sarjan 2- turnaus  Raahe 11.11.06 <\/p>\n<p>Tulokset:Lohko-4, Arto Kyng\u00e4s, Matti Saarij\u00e4rvi, Alpo Salo<\/p>\n<table width=\"75%\" border=\"1\">\n<tr>\n<td>ONMKY 2<\/td>\n<td>OsVa B-t <\/td>\n<td>0 &#8211; 2<\/td>\n<\/tr>\n<tr>\n<td>OsVa B-t <\/td>\n<td>LNM B-t<\/td>\n<td>2 &#8211; 0 <\/td>\n<\/tr>\n<tr>\n<td>HimU B-t<\/td>\n<td>OsVa B-t <\/td>\n<td>0 &#8211; 2 <\/td>\n<\/tr>\n<tr>\n<td>RaLepa<\/td>\n<td>OsVa B-t  <\/td>\n<td>0 &#8211; 2 <\/td>\n<\/tr>\n<td>OsVa B-t <\/td>\n<td>Vep\/Hep <\/td>\n<td>200 &#8211; 96<\/td>\n<\/table>\n<p>\n<a href=\"http:\/\/80.248.243.182\/ccsport\/reports\/dblento1\/tp_9.htm\" target=_blank>KATSO T\u00c4ST\u00c4 B-TYTT\u00d6JEN AM-SARJAOHJELMA 2006!!<\/A><\/p>\n<p>\nAM- Sarja tilanne: Lohko-4<\/p>\n<table width=\"75%\" border=\"1\">\n<tr>\n<td>Joukkue<\/td>\n<td>Er\u00e4t V\/H<\/td>\n<td>\n<div align=\"center\">Pisteet<\/td>\n<\/tr>\n<tr>\n<td>OsVa B-t <\/td>\n<td>\n<div align=\"center\">16\/0<\/td>\n<td>\n<div align=\"center\">16 <\/td>\n<\/tr>\n<tr>\n<td>RaLepa B-t <\/td>\n<td>\n<div align=\"center\">12\/6<\/td>\n<td>\n<div align=\"center\">12 <\/td>\n<\/tr>\n<tr>\n<td>LNM B-t <\/td>\n<td>\n<div align=\"center\">10\/10<\/td>\n<td>\n<div align=\"center\">8<\/td>\n<\/tr>\n<tr>\n<td>HimU B-t <\/td>\n<td>\n<div align=\"center\">5\/12<\/td>\n<td>\n<div align=\"center\">4 <\/td>\n<\/tr>\n<tr>\n<td>ONMKY 2 B-t <\/td>\n<td>\n<div align=\"center\">1\/16<\/td>\n<td>\n<div align=\"center\">0 <\/td>\n<\/tr>\n<\/table>\n<p>\nAM- Lopputurnaus Rovaniemi 25.11<\/p>\n<p>Kaksi parasta suoraan SM-sarjaan, Arto Kyng\u00e4s, Helvi Kyng\u00e4s<\/p>\n<table width=\"75%\" border=\"1\">\n<tr>\n<td width=\"10%\">Sija<\/td>\n<td width=\"82%\">Joukkue<\/td>\n<\/tr>\n<tr>\n<td>1<\/td>\n<td>Woman Volley 1<\/td>\n<\/tr>\n<tr>\n<td>2<\/td>\n<td>Kuusamon Pallokarhut<\/td>\n<\/tr>\n<tr>\n<td>3<\/td>\n<td>Suomussalmen Palloseura1<\/td>\n<\/tr>\n<tr>\n<td>4<\/td>\n<td>Ouolunsalon Vasama <\/td>\n<\/tr>\n<tr>\n<td>5<\/td>\n<td>Woman Volley 2<\/td>\n<\/tr>\n<tr>\n<td>6<\/td>\n<td>Muhos Volley 2<\/td>\n<\/tr>\n<tr>\n<td>7<\/td>\n<td>Raahen Lentopallo<\/td>\n<\/tr>\n<tr>\n<td>8<\/td>\n<td>Ranuan Peura<\/td>\n<\/tr>\n<tr>\n<td>9<\/td>\n<td>Oulunsalon Vasama -93<\/td>\n<\/tr>\n<tr>\n<td>\n<div align=\"justify\">10<\/div>\n<\/td>\n<td>Himangan Urheilijat<\/td>\n<\/tr>\n<\/table>\n<p>\nSM Karsinta Muhos 9.12.06  Lohko-2<br \/>\nKaksi parasta SM-sarjaan, Seppo Rytinki, Silja Saarij\u00e4rvi<\/p>\n<table width=\"75%\" border=\"1\">\n<tr>\n<td>Joukkue<\/td>\n<td>Er\u00e4t V\/H<\/td>\n<td>\n<div align=\"center\">Pisteet<\/td>\n<\/tr>\n<tr>\n<td>OsVa B-t <\/td>\n<td>\n<div align=\"center\">6\/0<\/td>\n<td>\n<div align=\"center\">6 <\/td>\n<\/tr>\n<tr>\n<td>Muhos Volley-96 B-t <\/td>\n<td>\n<div align=\"center\">4\/2<\/td>\n<td>\n<div align=\"center\">4 <\/td>\n<\/tr>\n<tr>\n<td>Nurmon Jymy B-t <\/td>\n<td>\n<div align=\"center\">2\/4<\/td>\n<td>\n<div align=\"center\">2<\/td>\n<\/tr>\n<tr>\n<td>Sein\u00e4joen Lentis B-t <\/td>\n<td>\n<div align=\"center\">0\/6<\/td>\n<td>\n<div align=\"center\">0 <\/td>\n<\/tr>\n<tr>\n<td>OsVa B-t <\/td>\n<td>\n<div align=\"center\">Vep\/Hep <\/td>\n<td>\n<div align=\"center\">150 &#8211; 95<\/td>\n<\/tr>\n<\/table>\n<p>\nB-Tyt\u00f6t SM-sarja 28.01.07  Lohko-1<br \/>\nEnsimm\u00e4inen turnaus viikonloppu Alaj\u00e4rvi<br \/>\nNelj\u00e4 parasta SM- v\u00e4lieriin, Seppo Rytinki, Tapio Sihvonen, Alpo Salo<\/p>\n<table width=\"75%\" border=\"1\">\n<tr>\n<td>Woman Volley 1<\/td>\n<td>OsVa Bt<\/td>\n<td>1 &#8211; 2<\/td>\n<\/tr>\n<tr>\n<td>Pielaveden Sampo<\/td>\n<td>OsVa B-t <\/td>\n<td>0 &#8211; 2 <\/td>\n<\/tr>\n<tr>\n<td>Woman Volley 2<\/td>\n<td>OsVa Bt<\/td>\n<td>0 &#8211; 2 <\/td>\n<\/tr>\n<td>OsVa B-t <\/td>\n<td>Vep\/Hep <\/td>\n<td>160 &#8211; 111<\/td>\n<\/table>\n<p>\nSarja tilanne 30.01.2007<\/p>\n<table width=\"75%\" border=\"1\">\n<tr>\n<td>Joukkue<\/td>\n<td>Er\u00e4t V\/H<\/td>\n<td>\n<div align=\"center\">Pisteet<\/td>\n<\/tr>\n<tr>\n<td>Alaj\u00e4rvenankkurit <\/td>\n<td>\n<div align=\"center\">6\/1<\/td>\n<td>\n<div align=\"center\">6 <\/td>\n<\/tr>\n<tr>\n<td>Oulunsalon Vasama<\/td>\n<td>\n<div align=\"center\">6\/1<\/td>\n<td>\n<div align=\"center\">6 <\/td>\n<\/tr>\n<tr>\n<td>Vaasan Vasama<\/td>\n<td>\n<div align=\"center\">5\/2<\/td>\n<td>\n<div align=\"center\">4<\/td>\n<\/tr>\n<tr>\n<td>Woman Volley 1<\/td>\n<td>\n<div align=\"center\">5\/2<\/td>\n<td>\n<div align=\"center\">4 <\/td>\n<\/tr>\n<tr>\n<td>Oulun NNKY<\/td>\n<td>\n<div align=\"center\">2\/4<\/td>\n<td>\n<div align=\"center\">2 <\/td>\n<\/tr>\n<tr>\n<td>Woman Volley 2<\/td>\n<td>\n<div align=\"center\">0\/8<\/td>\n<td>\n<div align=\"center\">0 <\/td>\n<\/tr>\n<tr>\n<td>Pielaveden Sampo<\/td>\n<td>\n<div align=\"center\">0\/6<\/td>\n<td>\n<div align=\"center\">0 <\/td>\n<\/tr>\n<tr>\n<\/table>\n<p>\nSeuraava turnaus Rovaniemell\u00e4 10.02.07<\/p>\n<table width=\"75%\" border=\"1\">\n<tr>\n<td>Ottelut<\/td>\n<td>Tulos<\/td>\n<\/tr>\n<tr>\n<td>OsVa &#8211; Alaj\u00e4rven Ankkurit<\/td>\n<td>\n<div align=\"center\">1 &#8211; 2<\/td>\n<\/tr>\n<tr>\n<td> OsVa &#8211; Vaasan Vasama<\/td>\n<td>\n<div align=\"center\">2 &#8211; 1<\/td>\n<\/tr>\n<tr>\n<td>OsVa &#8211; Oulun NMKY<\/td>\n<td>\n<div align=\"center\">2 &#8211; 0<\/td>\n<\/tr>\n<\/table>\n<p><\/p>\n<table width=\"75%\" border=\"1\">\n<tr>\n<td>Joukkue<\/td>\n<td>Er\u00e4t V\/H<\/td>\n<td>\n<div align=\"center\">Pisteet<\/td>\n<\/tr>\n<tr>\n<td>Woman Volley 1 <\/td>\n<td>\n<div align=\"center\">11\/2<\/td>\n<td>\n<div align=\"center\">10 <\/td>\n<\/tr>\n<tr>\n<td>Oulunsalon Vasama<\/td>\n<td>\n<div align=\"center\">11\/4<\/td>\n<td>\n<div align=\"center\">10 <\/td>\n<\/tr>\n<tr>\n<td>Alaj\u00e4rvenankkurit <\/td>\n<td>\n<div align=\"center\">10\/4<\/td>\n<td>\n<div align=\"center\">10<\/td>\n<\/tr>\n<tr>\n<td>Vaasan Vasama<\/td>\n<td>\n<div align=\"center\">10\/6<\/td>\n<td>\n<div align=\"center\">8 <\/td>\n<\/tr>\n<tr>\n<td>Pielaveden Sampo <\/td>\n<td>\n<div align=\"center\">4\/8<\/td>\n<td>\n<div align=\"center\">4 <\/td>\n<\/tr>\n<tr>\n<td>Oulun NNKY<\/td>\n<td>\n<div align=\"center\">2\/10<\/td>\n<td>\n<div align=\"center\">2 <\/td>\n<\/tr>\n<tr>\n<td>Woman Volley 2<\/td>\n<td>\n<div align=\"center\">0\/14<\/td>\n<td>\n<div align=\"center\">0 <\/td>\n<\/tr>\n<tr>\n<\/table>\n<p>\nSeuraava turnaus 25.2.07 Pielavesi<\/p>\n<table width=\"75%\" border=\"1\">\n<tr>\n<td>Ottelut<\/td>\n<td>Tulos<\/td>\n<\/tr>\n<tr>\n<td>OsVa &#8211; Woman Volley 1<\/td>\n<td>\n<div align=\"center\">0 &#8211; 2<\/td>\n<\/tr>\n<tr>\n<td>OsVa &#8211; Pielaveden Sampo<\/td>\n<td>\n<div align=\"center\">2 &#8211; 1<\/td>\n<\/tr>\n<tr>\n<td>OsVa &#8211; Woman Volley 2<\/td>\n<td>\n<div align=\"center\">2 &#8211; 0<\/td>\n<\/tr>\n<\/table>\n<p><\/p>\n<table width=\"75%\" border=\"1\">\n<tr>\n<td>Joukkue<\/td>\n<td>Er\u00e4t V\/H<\/td>\n<td>\n<div align=\"center\">Pisteet<\/td>\n<\/tr>\n<tr>\n<td>Woman Volley 1 <\/td>\n<td>\n<div align=\"center\">17\/4<\/td>\n<td>\n<div align=\"center\">16 <\/td>\n<\/tr>\n<tr>\n<td>Oulunsalon Vasama<\/td>\n<td>\n<div align=\"center\">15\/7<\/td>\n<td>\n<div align=\"center\">14 <\/td>\n<\/tr>\n<tr>\n<td>Vaasan Vasama <\/td>\n<td>\n<div align=\"center\">14\/6<\/td>\n<td>\n<div align=\"center\">12<\/td>\n<\/tr>\n<tr>\n<td>Alaj\u00e4rvenankkurit<\/td>\n<td>\n<div align=\"center\">13\/8<\/td>\n<td>\n<div align=\"center\">12 <\/td>\n<\/tr>\n<tr>\n<td>Pielaveden Sampo <\/td>\n<td>\n<div align=\"center\">8\/13<\/td>\n<td>\n<div align=\"center\">6 <\/td>\n<\/tr>\n<tr>\n<td>Oulun NNKY<\/td>\n<td>\n<div align=\"center\">4\/14<\/td>\n<td>\n<div align=\"center\">4 <\/td>\n<\/tr>\n<tr>\n<td>Woman Volley 2<\/td>\n<td>\n<div align=\"center\">0\/20<\/td>\n<td>\n<div align=\"center\">0 <\/td>\n<\/tr>\n<tr>\n<\/table>\n<p>\nSeuraava turnaus Oulunsalo 17.03.07<\/p>\n<table width=\"75%\" border=\"1\">\n<tr>\n<td>Ottelut<\/td>\n<td>Tulos<\/td>\n<\/tr>\n<tr>\n<td>OsVa &#8211; Oulun NMKY <\/td>\n<td>\n<div align=\"center\">2 &#8211; 0<\/td>\n<\/tr>\n<tr>\n<td>OsVa &#8211; Vaasan Vasama<\/td>\n<td>\n<div align=\"center\">2 &#8211; 1<\/td>\n<\/tr>\n<tr>\n<td>OsVa &#8211; Alaj\u00e4rven Ankkurit <\/td>\n<td>\n<div align=\"center\">2 &#8211; 1<\/td>\n<\/tr>\n<\/table>\n<p>\nSM -v\u00e4lieriin Woman Volley 22p, Oulunsalon Vasama 20p, Vaasan Vasama 14p ja Alaj\u00e4rven Ankkurit 14p. V\u00e4lier\u00e4turnus pelataan 31.3 &#8211; 1.4 (paikka avoin). Taulukko p\u00e4ivitet\u00e4\u00e4n kunhan saadaan viralliset tulokset<\/p>\n<p>\n<a href=\"http:\/\/80.248.243.182\/ccsport\/reports\/dblento1\/tp_2.htm\" target=_blank>KATSO T\u00c4ST\u00c4 B-TYTT\u00d6JEN SM-SARJAOHJELMA 06-07!!<\/A><\/p>\n<p>\nSivujen p\u00e4ivityksist\u00e4 vastaa Arto Kyng\u00e4s<\/p>\n","protected":false},"excerpt":{"rendered":"<p>B-tyt\u00f6t 90 ja B-tyt\u00f6t 91 kaudella 2006-2007 Joukkueet ja yhdyshenkil\u00f6t sek\u00e4 harjoitusvuorot Harjoitusvuorot Pitk\u00e4kankaan koulu: Maanantai 18.30 &#8211; 20.00Perjantai 18.30 &#8211; 20.00 Joukkueen johtaja: Alpo Saloetunimi.sukunimi@pp2.inet.fi Rahastonhoitaja: Silja Saarij\u00e4rvi etunimi.sukunimi@luukku.com Valmentajat: Arto Kyng\u00e4s \/ Lauri Kiuttu Apuna: Matti Saarij\u00e4rvi ja Seppo Rytinki B-tyt\u00f6t 90\/91 2006 Nro Nimi Synt.vuosi Pituus Rooli 3 Jaana Saarij\u00e4rvi 1991 172 &#8230; <a title=\"B-tyt\u00f6t 90\" class=\"read-more\" href=\"https:\/\/www.oulunsalonvasama.fi\/lentopallo\/edelliset-kaudet\/kausi-2006-2007\/b_tytot90\/\" aria-label=\"Lue lis\u00e4\u00e4 aiheesta B-tyt\u00f6t 90\">Lue lis\u00e4\u00e4<\/a><\/p>\n","protected":false},"author":1,"featured_media":0,"parent":178,"menu_order":13,"comment_status":"open","ping_status":"open","template":"","meta":{"footnotes":"","_links_to":"","_links_to_target":""},"class_list":["post-144","page","type-page","status-publish"],"_links":{"self":[{"href":"https:\/\/www.oulunsalonvasama.fi\/lentopallo\/wp-json\/wp\/v2\/pages\/144","targetHints":{"allow":["GET"]}}],"collection":[{"href":"https:\/\/www.oulunsalonvasama.fi\/lentopallo\/wp-json\/wp\/v2\/pages"}],"about":[{"href":"https:\/\/www.oulunsalonvasama.fi\/lentopallo\/wp-json\/wp\/v2\/types\/page"}],"author":[{"embeddable":true,"href":"https:\/\/www.oulunsalonvasama.fi\/lentopallo\/wp-json\/wp\/v2\/users\/1"}],"replies":[{"embeddable":true,"href":"https:\/\/www.oulunsalonvasama.fi\/lentopallo\/wp-json\/wp\/v2\/comments?post=144"}],"version-history":[{"count":4,"href":"https:\/\/www.oulunsalonvasama.fi\/lentopallo\/wp-json\/wp\/v2\/pages\/144\/revisions"}],"predecessor-version":[{"id":2133,"href":"https:\/\/www.oulunsalonvasama.fi\/lentopallo\/wp-json\/wp\/v2\/pages\/144\/revisions\/2133"}],"up":[{"embeddable":true,"href":"https:\/\/www.oulunsalonvasama.fi\/lentopallo\/wp-json\/wp\/v2\/pages\/178"}],"wp:attachment":[{"href":"https:\/\/www.oulunsalonvasama.fi\/lentopallo\/wp-json\/wp\/v2\/media?parent=144"}],"curies":[{"name":"wp","href":"https:\/\/api.w.org\/{rel}","templated":true}]}}