{"id":103,"date":"2006-07-08T10:26:41","date_gmt":"2006-07-08T10:26:41","guid":{"rendered":""},"modified":"2019-07-31T09:27:02","modified_gmt":"2019-07-31T09:27:02","slug":"kausi-2003-2004","status":"publish","type":"page","link":"https:\/\/www.oulunsalonvasama.fi\/lentopallo\/edelliset-kaudet\/kausi-2003-2004\/","title":{"rendered":"Kausi 2003-2004"},"content":{"rendered":"<h1>Joukkueet<\/h1>\n<h2>Kausi 2003-2004<\/h2>\n<p><b>Miehet I <\/b> &#8212; 3-sarja<br \/>\n<b>Miehet II <\/b> &#8212; 5-sarja<br \/>\n<b>Miehet M40 <\/b><\/p>\n<p><b>A-pojat <\/b> (synt. 1984-86)<br \/>\n<b>B-pojat I ja II <\/b> (synt. 1987-88)<br \/>\n<b>C-pojat I ja II <\/b> (synt. 1989-90)<br \/>\n<b>D-pojat I ja II <\/b> (synt. 1991-92)<br \/>\n<b>E-pojat ja F-pojat I <\/b> (synt. 1993-95)<\/p>\n<p><b>F-pojat pallokerho<\/b> (synt. 1996-1997)<\/p>\n<p><b>Naiset I <\/b> &#8212; 2-sarja<br \/>\n<b>Naiset II<\/b> &#8212; 3-sarja<\/p>\n<p><b>B-tyt\u00f6t <\/b> (synt. 1988)<\/p>\n<p><b>C-tyt\u00f6t <\/b> (synt. 1989-90)<br \/>\n<b>D-tyt\u00f6t I, II ja III <\/b> (synt 1991-92)<br \/>\n<b>E-tyt\u00f6t I, II ja III <\/b> (synt 1993-95)<br \/>\n<b>F-tyt\u00f6t pallokerho<\/b> (synt 1996-97)<\/p>\n<p><b>Liikuntakerhot <\/b><br \/>\n&#8211; Aerobic<br \/>\n&#8211; LentisBeach-kerho<\/p>\n<p><b>Beach Volley <\/b><\/p>\n<p>&#8211; tytt\u00f6jen, poikien, naisten ja miesten Beach Volley<\/p>\n<p>&#8211; harrastuspaikkoja Oulunsalossa<\/p>\n<ul>\n<li>Kisakankaan Beach Volley -stadion (6 kentt\u00e4\u00e4)<\/li>\n<li>Papinj\u00e4rven uimarannan Beach Volley -kentt\u00e4<\/li>\n<li>yksityiset kent\u00e4t<\/li>\n<li>tulossa 2 kentt\u00e4\u00e4 Oulunsalon keskustan Urheilukeskuksen alueelle<\/li>\n<\/ul>\n<p>&#8211; Kisakankaalla j\u00e4rjestet\u00e4\u00e4n<\/p>\n<ul>\n<li>junioreiden Aluemestaruusturnaus tai vastaava tapahtuma (kaikki ik\u00e4luokat F- ik\u00e4isist\u00e4 A-ik\u00e4isiin ja Nuoriin asti sek\u00e4 tyt\u00f6iss\u00e4 ett\u00e4 pojissa)<\/li>\n<li>aikuisten Beach Volley -turnaukset<\/li>\n<\/ul>\n<p>&#8211; Beach Volley -kouluja Papinj\u00e4rvell\u00e4 ja Kisakankaalla<\/p>\n","protected":false},"excerpt":{"rendered":"<p>Joukkueet Kausi 2003-2004 Miehet I &#8212; 3-sarja Miehet II &#8212; 5-sarja Miehet M40 A-pojat (synt. 1984-86) B-pojat I ja II (synt. 1987-88) C-pojat I ja II (synt. 1989-90) D-pojat I ja II (synt. 1991-92) E-pojat ja F-pojat I (synt. 1993-95) F-pojat pallokerho (synt. 1996-1997) Naiset I &#8212; 2-sarja Naiset II &#8212; 3-sarja B-tyt\u00f6t (synt. 1988) &#8230; <a title=\"Kausi 2003-2004\" class=\"read-more\" href=\"https:\/\/www.oulunsalonvasama.fi\/lentopallo\/edelliset-kaudet\/kausi-2003-2004\/\" aria-label=\"Lue lis\u00e4\u00e4 aiheesta Kausi 2003-2004\">Lue lis\u00e4\u00e4<\/a><\/p>\n","protected":false},"author":1,"featured_media":0,"parent":2069,"menu_order":25,"comment_status":"open","ping_status":"open","template":"","meta":{"footnotes":"","_links_to":"","_links_to_target":""},"class_list":["post-103","page","type-page","status-publish"],"_links":{"self":[{"href":"https:\/\/www.oulunsalonvasama.fi\/lentopallo\/wp-json\/wp\/v2\/pages\/103","targetHints":{"allow":["GET"]}}],"collection":[{"href":"https:\/\/www.oulunsalonvasama.fi\/lentopallo\/wp-json\/wp\/v2\/pages"}],"about":[{"href":"https:\/\/www.oulunsalonvasama.fi\/lentopallo\/wp-json\/wp\/v2\/types\/page"}],"author":[{"embeddable":true,"href":"https:\/\/www.oulunsalonvasama.fi\/lentopallo\/wp-json\/wp\/v2\/users\/1"}],"replies":[{"embeddable":true,"href":"https:\/\/www.oulunsalonvasama.fi\/lentopallo\/wp-json\/wp\/v2\/comments?post=103"}],"version-history":[{"count":3,"href":"https:\/\/www.oulunsalonvasama.fi\/lentopallo\/wp-json\/wp\/v2\/pages\/103\/revisions"}],"predecessor-version":[{"id":6679,"href":"https:\/\/www.oulunsalonvasama.fi\/lentopallo\/wp-json\/wp\/v2\/pages\/103\/revisions\/6679"}],"up":[{"embeddable":true,"href":"https:\/\/www.oulunsalonvasama.fi\/lentopallo\/wp-json\/wp\/v2\/pages\/2069"}],"wp:attachment":[{"href":"https:\/\/www.oulunsalonvasama.fi\/lentopallo\/wp-json\/wp\/v2\/media?parent=103"}],"curies":[{"name":"wp","href":"https:\/\/api.w.org\/{rel}","templated":true}]}}