{"id":10275,"date":"2023-10-21T17:37:02","date_gmt":"2023-10-21T17:37:02","guid":{"rendered":"https:\/\/www.oulunsalonvasama.fi\/lentopallo\/?page_id=10275"},"modified":"2025-06-26T14:17:40","modified_gmt":"2025-06-26T14:17:40","slug":"b-pojat-07-08","status":"publish","type":"page","link":"https:\/\/www.oulunsalonvasama.fi\/lentopallo\/edelliset-kaudet\/kausi-203-2024\/b-pojat-07-08\/","title":{"rendered":"B pojat (07-08)"},"content":{"rendered":"<h2>0OsVa BP, kausi 2023-24<\/h2>\n<p><a href=\"https:\/\/www.oulunsalonvasama.fi\/lentopallo\/wp-content\/uploads\/2023\/10\/B1_2023-scaled.jpg\"><img loading=\"lazy\" decoding=\"async\" class=\"alignnone wp-image-10276\" src=\"https:\/\/www.oulunsalonvasama.fi\/lentopallo\/wp-content\/uploads\/2023\/10\/B1_2023-300x173.jpg\" alt=\"\" width=\"302\" height=\"174\" srcset=\"https:\/\/www.oulunsalonvasama.fi\/lentopallo\/wp-content\/uploads\/2023\/10\/B1_2023-300x173.jpg 300w, https:\/\/www.oulunsalonvasama.fi\/lentopallo\/wp-content\/uploads\/2023\/10\/B1_2023-1024x592.jpg 1024w, https:\/\/www.oulunsalonvasama.fi\/lentopallo\/wp-content\/uploads\/2023\/10\/B1_2023-768x444.jpg 768w, https:\/\/www.oulunsalonvasama.fi\/lentopallo\/wp-content\/uploads\/2023\/10\/B1_2023-1536x888.jpg 1536w, https:\/\/www.oulunsalonvasama.fi\/lentopallo\/wp-content\/uploads\/2023\/10\/B1_2023-2048x1184.jpg 2048w\" sizes=\"auto, (max-width: 302px) 100vw, 302px\" \/><\/a><\/p>\n<p>OsVa B1 pelaajat:<br \/>\n1 Aleksi Illikainen\u00a0\u00a0\u00a0\u00a0\u00a0\u00a0\u00a0\u00a0\u00a0\u00a0\u00a0\u00a0\u00a0\u00a0 5 Riku Kaaretkoski \u00a0\u00a0 7 Kaapo Vanhatupa<br \/>\n8 Juho-Markus Puhakka\u00a0\u00a0\u00a0\u00a0 9 Jaakko Turpeinen\u00a0 14 Ville Vainio<br \/>\n15 Eeli Kuukasj\u00e4rvi\u00a0\u00a0\u00a0\u00a0\u00a0\u00a0\u00a0\u00a0\u00a0\u00a0\u00a0 17 Atte M\u00e4kikyr\u00f6\u00a0\u00a0\u00a0\u00a0\u00a0\u00a0 20 Tapio Kurikka<\/p>\n<p>Valmentajat: Ismo Turpeinen, Oskari Sepp\u00e4, Leena Kuukasj\u00e4rvi Joukkueenjohtaja: Jani Kuukasj\u00e4rvi<\/p>\n<p><a href=\"https:\/\/www.oulunsalonvasama.fi\/lentopallo\/wp-content\/uploads\/2023\/10\/B2_2023-scaled.jpg\"><img loading=\"lazy\" decoding=\"async\" class=\"alignnone size-medium wp-image-10277\" src=\"https:\/\/www.oulunsalonvasama.fi\/lentopallo\/wp-content\/uploads\/2023\/10\/B2_2023-300x190.jpg\" alt=\"\" width=\"300\" height=\"190\" srcset=\"https:\/\/www.oulunsalonvasama.fi\/lentopallo\/wp-content\/uploads\/2023\/10\/B2_2023-300x190.jpg 300w, https:\/\/www.oulunsalonvasama.fi\/lentopallo\/wp-content\/uploads\/2023\/10\/B2_2023-1024x650.jpg 1024w, https:\/\/www.oulunsalonvasama.fi\/lentopallo\/wp-content\/uploads\/2023\/10\/B2_2023-768x487.jpg 768w, https:\/\/www.oulunsalonvasama.fi\/lentopallo\/wp-content\/uploads\/2023\/10\/B2_2023-1536x975.jpg 1536w, https:\/\/www.oulunsalonvasama.fi\/lentopallo\/wp-content\/uploads\/2023\/10\/B2_2023-2048x1300.jpg 2048w\" sizes=\"auto, (max-width: 300px) 100vw, 300px\" \/><\/a><\/p>\n<p>OsVa B2 pelaajat:<br \/>\n3 Lauri Nauha\u00a0\u00a0\u00a0\u00a0\u00a0\u00a0\u00a0\u00a0\u00a0\u00a0\u00a0 6 Luukas Niemel\u00e4\u00a0\u00a0\u00a0\u00a0 7 Jimi Tihinen<br \/>\n10 Filip Karjalainen\u00a0\u00a0\u00a0 12 V\u00e4in\u00f6 Suominen\u00a0 13 Pasi Tapio<br \/>\n14 Riku Rajakangas\u00a0\u00a0 16 Aatu Hurtig\u00a0\u00a0\u00a0\u00a0\u00a0\u00a0\u00a0\u00a0 18 Aukusti Pulkkinen<\/p>\n<p>Valmentaja: Leena Kuukasj\u00e4rvi<br \/>\nJoukkueenjohtaja: Irina Suominen<\/p>\n","protected":false},"excerpt":{"rendered":"<p>0OsVa BP, kausi 2023-24 OsVa B1 pelaajat: 1 Aleksi Illikainen\u00a0\u00a0\u00a0\u00a0\u00a0\u00a0\u00a0\u00a0\u00a0\u00a0\u00a0\u00a0\u00a0\u00a0 5 Riku Kaaretkoski \u00a0\u00a0 7 Kaapo Vanhatupa 8 Juho-Markus Puhakka\u00a0\u00a0\u00a0\u00a0 9 Jaakko Turpeinen\u00a0 14 Ville Vainio 15 Eeli Kuukasj\u00e4rvi\u00a0\u00a0\u00a0\u00a0\u00a0\u00a0\u00a0\u00a0\u00a0\u00a0\u00a0 17 Atte M\u00e4kikyr\u00f6\u00a0\u00a0\u00a0\u00a0\u00a0\u00a0 20 Tapio Kurikka Valmentajat: Ismo Turpeinen, Oskari Sepp\u00e4, Leena Kuukasj\u00e4rvi Joukkueenjohtaja: Jani Kuukasj\u00e4rvi OsVa B2 pelaajat: 3 Lauri Nauha\u00a0\u00a0\u00a0\u00a0\u00a0\u00a0\u00a0\u00a0\u00a0\u00a0\u00a0 6 Luukas Niemel\u00e4\u00a0\u00a0\u00a0\u00a0 7 &#8230; <a title=\"B pojat (07-08)\" class=\"read-more\" href=\"https:\/\/www.oulunsalonvasama.fi\/lentopallo\/edelliset-kaudet\/kausi-203-2024\/b-pojat-07-08\/\" aria-label=\"Lue lis\u00e4\u00e4 aiheesta B pojat (07-08)\">Lue lis\u00e4\u00e4<\/a><\/p>\n","protected":false},"author":49,"featured_media":0,"parent":10899,"menu_order":0,"comment_status":"closed","ping_status":"closed","template":"archives.php","meta":{"footnotes":"","_links_to":"","_links_to_target":""},"class_list":["post-10275","page","type-page","status-publish"],"_links":{"self":[{"href":"https:\/\/www.oulunsalonvasama.fi\/lentopallo\/wp-json\/wp\/v2\/pages\/10275","targetHints":{"allow":["GET"]}}],"collection":[{"href":"https:\/\/www.oulunsalonvasama.fi\/lentopallo\/wp-json\/wp\/v2\/pages"}],"about":[{"href":"https:\/\/www.oulunsalonvasama.fi\/lentopallo\/wp-json\/wp\/v2\/types\/page"}],"author":[{"embeddable":true,"href":"https:\/\/www.oulunsalonvasama.fi\/lentopallo\/wp-json\/wp\/v2\/users\/49"}],"replies":[{"embeddable":true,"href":"https:\/\/www.oulunsalonvasama.fi\/lentopallo\/wp-json\/wp\/v2\/comments?post=10275"}],"version-history":[{"count":7,"href":"https:\/\/www.oulunsalonvasama.fi\/lentopallo\/wp-json\/wp\/v2\/pages\/10275\/revisions"}],"predecessor-version":[{"id":10898,"href":"https:\/\/www.oulunsalonvasama.fi\/lentopallo\/wp-json\/wp\/v2\/pages\/10275\/revisions\/10898"}],"up":[{"embeddable":true,"href":"https:\/\/www.oulunsalonvasama.fi\/lentopallo\/wp-json\/wp\/v2\/pages\/10899"}],"wp:attachment":[{"href":"https:\/\/www.oulunsalonvasama.fi\/lentopallo\/wp-json\/wp\/v2\/media?parent=10275"}],"curies":[{"name":"wp","href":"https:\/\/api.w.org\/{rel}","templated":true}]}}